{"id":1811,"date":"2023-10-23T15:27:08","date_gmt":"2023-10-23T18:27:08","guid":{"rendered":"https:\/\/quasarhomecenter.com\/?page_id=1811"},"modified":"2025-07-16T14:01:45","modified_gmt":"2025-07-16T17:01:45","slug":"sucursales","status":"publish","type":"page","link":"https:\/\/quasarhomecenter.com\/index.php\/sucursales\/","title":{"rendered":"Sucursales"},"content":{"rendered":"\n<div class=\"wp-block-uagb-container uagb-block-84da1a51 alignfull uagb-is-root-container\"><div class=\"uagb-container-inner-blocks-wrap\">\n<div class=\"wp-block-uagb-container uagb-block-55f328a9\">\n<iframe src=\"https:\/\/www.google.com\/maps\/embed?pb=!1m18!1m12!1m3!1d1459.984166433343!2d-56.22785825356327!3d-34.76683591561171!2m3!1f0!2f0!3f0!3m2!1i1024!2i768!4f13.1!3m3!1m2!1s0x95a1d3b2996ad181%3A0x81341d20ebf902df!2sQuasar%20HomeCenter!5e0!3m2!1ses-419!2suy!4v1737890810593!5m2!1ses-419!2suy\" width=\"600\" height=\"450\" style=\"border:0;\" allowfullscreen=\"\" loading=\"lazy\" referrerpolicy=\"no-referrer-when-downgrade\"><\/iframe>\n<\/div>\n\n\n\n<div class=\"wp-block-uagb-container uagb-block-f2180048\">\nQuasar Homecenter La Paz.\nDirecci\u00f3n: C\u00e9sar Mayo Gutierrez 74.\n\nHorarios: De Lunes a Viernes desde las 09:30 hasta las 18:00 hr.\n Servicios: Retiro de mercader\u00eda, venta al p\u00fablico, retiro de mercader\u00eda paga, centro de env\u00edos.\n<\/div>\n\n\n\n<div class=\"wp-block-uagb-container uagb-block-187b2b71\">\n<div class=\"wp-block-uagb-info-box uagb-block-abfd2dd8 uagb-infobox__content-wrap  uagb-infobox-icon-above-title uagb-infobox-image-valign-top\"><div class=\"uagb-ifb-content\"><div class=\"uagb-ifb-title-wrap\"><h4 class=\"uagb-ifb-title\">Quasar Shop Florida<\/h4><\/div><p class=\"uagb-ifb-desc\"><strong>Direcci\u00f3n:<\/strong>&nbsp;Independencia 365<br><strong>Horarios:<\/strong>&nbsp;De Lunes a Viernes desde las 08:30 hrs hasta las 12:00 hrs y de 14 hrs a 18:30 hrs. S\u00e1bados Cerrados Domingo desde las 09:00hrs hasta las 13:00 hrs.<br><strong>Servicios:<\/strong>&nbsp;Retiro de Mercader\u00eda, Venta al P\u00fablico, Retiro Mercader\u00eda paga, Centro de env\u00edos<\/p><\/div><\/div>\n\n\n\n<iframe src=\"https:\/\/www.google.com\/maps\/embed?pb=!1m18!1m12!1m3!1d3303.729062662368!2d-56.21370632522594!3d-34.102080631177806!2m3!1f0!2f0!3f0!3m2!1i1024!2i768!4f13.1!3m3!1m2!1s0x95a102a38639649f%3A0xb1ff1b90c2a8d00!2sQuasar%20Shop!5e0!3m2!1ses!2suy!4v1698170063241!5m2!1ses!2suy\" width=\"600\" height=\"450\" style=\"border:0;\" allowfullscreen=\"\" loading=\"lazy\" referrerpolicy=\"no-referrer-when-downgrade\"><\/iframe>\n<\/div>\n<\/div><\/div>\n\n\n\n<div class=\"wp-block-uagb-container uagb-block-dbc89eaa alignfull uagb-is-root-container\"><div class=\"uagb-container-inner-blocks-wrap\">\n<div class=\"wp-block-uagb-container uagb-block-16c74b1f\">\n<div class=\"wp-block-uagb-info-box uagb-block-4b89650e uagb-infobox__content-wrap  uagb-infobox-icon-above-title uagb-infobox-image-valign-top\"><div class=\"uagb-ifb-content\"><div class=\"uagb-ifb-title-wrap\"><h4 class=\"uagb-ifb-title\">Quasar Shop Durazno<\/h4><\/div><p class=\"uagb-ifb-desc\"><strong>Direcci\u00f3n:<\/strong>&nbsp;18 de Julio 480<br><strong>Horarios:<\/strong>&nbsp;De Lunes a Viernes desde las 09:00hrs a 12hs y de 14:00 hasta las 18:30 hrs. <br><strong>Servicios:<\/strong>&nbsp;Retiro de Mercader\u00eda, Venta al P\u00fablico, Retiro Mercader\u00eda paga, Centro de env\u00edos<\/p><\/div><\/div>\n\n\n\n<iframe src=\"https:\/\/www.google.com\/maps\/embed?pb=!1m18!1m12!1m3!1d3331.726438023933!2d-56.526835725268455!3d-33.37820729381445!2m3!1f0!2f0!3f0!3m2!1i1024!2i768!4f13.1!3m3!1m2!1s0x95a6ea8f1c532a4b%3A0xc67453855d64d6d4!2sQuasar%20Shop!5e0!3m2!1ses!2suy!4v1698170092958!5m2!1ses!2suy\" width=\"600\" height=\"450\" style=\"border:0;\" allowfullscreen=\"\" loading=\"lazy\" referrerpolicy=\"no-referrer-when-downgrade\"><\/iframe>\n<\/div>\n<\/div><\/div>\n\n\n\n<div class=\"wp-block-group\"><div class=\"wp-block-group__inner-container is-layout-constrained wp-block-group-is-layout-constrained\">\n<div class=\"wp-block-uagb-info-box uagb-block-ab9b1623 uagb-infobox__content-wrap  uagb-infobox-icon-above-title uagb-infobox-image-valign-top\"><div class=\"uagb-ifb-content\"><div class=\"uagb-ifb-title-wrap\"><h4 class=\"uagb-ifb-title\">Quasar Shop Paysand\u00fa<\/h4><\/div><p class=\"uagb-ifb-desc\"><strong>Direcci\u00f3n:<\/strong>&nbsp;18 de Julio esquina Independencia.<br><strong>Horarios:<\/strong>&nbsp;De Lunes a Viernes desde las 09:00hrs hasta las 19:00 hrs. S\u00e1bado desde las 09:00hrs hasta las 13:00 hrs.<br><strong>Servicios:<\/strong>&nbsp;Retiro de Mercader\u00eda, Venta al P\u00fablico, Retiro Mercader\u00eda paga, Centro de env\u00edos<\/p><\/div><\/div>\n\n\n\n<iframe src=\"https:\/\/www.google.com\/maps\/embed?pb=!1m18!1m12!1m3!1d3371.827717208436!2d-58.090896925329325!3d-32.316481940338264!2m3!1f0!2f0!3f0!3m2!1i1024!2i768!4f13.1!3m3!1m2!1s0x95afcbfd1ec477f7%3A0x1bbac9f24b5809c5!2sQuasar%20Shop%20Paysand%C3%BA!5e0!3m2!1ses!2suy!4v1698170148222!5m2!1ses!2suy\" width=\"600\" height=\"450\" style=\"border:0;\" allowfullscreen=\"\" loading=\"lazy\" referrerpolicy=\"no-referrer-when-downgrade\"><\/iframe>\n<\/div><\/div>\n","protected":false},"excerpt":{"rendered":"<p>Quasar Homecenter La Paz. Direcci\u00f3n: C\u00e9sar Mayo Gutierrez 74. Horarios: De Lunes a Viernes desde las 09:30 hasta las 18:00 hr. Servicios: Retiro de mercader\u00eda, venta al p\u00fablico, retiro de&hellip;<\/p>\n","protected":false},"author":1,"featured_media":0,"parent":0,"menu_order":0,"comment_status":"closed","ping_status":"closed","template":"","meta":{"om_disable_all_campaigns":false,"_uag_custom_page_level_css":"","_monsterinsights_skip_tracking":false,"_monsterinsights_sitenote_active":false,"_monsterinsights_sitenote_note":"","_monsterinsights_sitenote_category":0,"footnotes":""},"class_list":["post-1811","page","type-page","status-publish","hentry"],"aioseo_notices":[],"jetpack_sharing_enabled":true,"uagb_featured_image_src":{"full":false,"thumbnail":false,"medium":false,"medium_large":false,"large":false,"1536x1536":false,"2048x2048":false,"mailpoet_newsletter_max":false,"woocommerce_thumbnail":false,"woocommerce_single":false,"woocommerce_gallery_thumbnail":false},"uagb_author_info":{"display_name":"quasarhomecenter.com","author_link":"https:\/\/quasarhomecenter.com\/index.php\/author\/quasarhomecenter-com\/"},"uagb_comment_info":0,"uagb_excerpt":"Quasar Homecenter La Paz. Direcci\u00f3n: C\u00e9sar Mayo Gutierrez 74. Horarios: De Lunes a Viernes desde las 09:30 hasta las 18:00 hr. Servicios: Retiro de mercader\u00eda, venta al p\u00fablico, retiro de&hellip;","_links":{"self":[{"href":"https:\/\/quasarhomecenter.com\/index.php\/wp-json\/wp\/v2\/pages\/1811","targetHints":{"allow":["GET"]}}],"collection":[{"href":"https:\/\/quasarhomecenter.com\/index.php\/wp-json\/wp\/v2\/pages"}],"about":[{"href":"https:\/\/quasarhomecenter.com\/index.php\/wp-json\/wp\/v2\/types\/page"}],"author":[{"embeddable":true,"href":"https:\/\/quasarhomecenter.com\/index.php\/wp-json\/wp\/v2\/users\/1"}],"replies":[{"embeddable":true,"href":"https:\/\/quasarhomecenter.com\/index.php\/wp-json\/wp\/v2\/comments?post=1811"}],"version-history":[{"count":9,"href":"https:\/\/quasarhomecenter.com\/index.php\/wp-json\/wp\/v2\/pages\/1811\/revisions"}],"predecessor-version":[{"id":7471,"href":"https:\/\/quasarhomecenter.com\/index.php\/wp-json\/wp\/v2\/pages\/1811\/revisions\/7471"}],"wp:attachment":[{"href":"https:\/\/quasarhomecenter.com\/index.php\/wp-json\/wp\/v2\/media?parent=1811"}],"curies":[{"name":"wp","href":"https:\/\/api.w.org\/{rel}","templated":true}]}}