{"id":2091,"date":"2023-10-25T16:35:06","date_gmt":"2023-10-25T19:35:06","guid":{"rendered":"https:\/\/quasarhomecenter.com\/?post_type=product&#038;p=2091"},"modified":"2023-11-17T14:46:20","modified_gmt":"2023-11-17T17:46:20","slug":"extractor-campana-2","status":"publish","type":"product","link":"https:\/\/quasarhomecenter.com\/index.php\/product\/extractor-campana-2\/","title":{"rendered":"Extractor Campana"},"content":{"rendered":"\n<p><\/p>\n\n\n\n<h2 class=\"wp-block-heading has-vivid-cyan-blue-color has-text-color\" id=\"block-ad85616e-7985-4f7d-8167-adfc232a4cf3\">Caracter\u00edsticas destacadas<\/h2>\n\n\n\n<p id=\"block-f79cb3e6-f13c-4a33-8091-c9d748c9f27b\"><strong>&#8211; Iluminaci\u00f3n<\/strong><\/p>\n\n\n\n<p id=\"block-c2fd78f3-f6a8-4d67-8806-bb86c5c25e90\">Cuenta con iluminaci\u00f3n incorporada en su estructura, brind\u00e1ndote apoyo mientras cocin\u00e1s.<\/p>\n\n\n\n<h3 class=\"wp-block-heading\" id=\"block-6b93d7bf-2dec-4f20-a871-99131d3cd59c\"><strong>Velocidad y filtros<\/strong><\/h3>\n\n\n\n<p id=\"block-d2058b72-f428-4ca2-85ed-90b2d75cc268\">Puede ajustar la velocidad de la succi\u00f3n de acuerdo con el tipo de receta que preparar\u00e1 para asegurarse de que tu cocina est\u00e9 siempre limpia. Los filtros de carb\u00f3n y aluminio promueven una limpieza completa, sin dejar ning\u00fan olor a preparaci\u00f3n de alimentos en el aire.<\/p>\n\n\n\n<p id=\"block-656097fc-d237-41b4-81be-0b029dae6a17\"><strong>Especificaciones:<\/strong><\/p>\n\n\n\n<p id=\"block-e51d1ead-f7fe-4025-a0fa-b80e52bc7018\">Vidrio curvo 90cm<br>Teclado T\u00e1ctil<br>2 velocidades \/ Luz<br>C\u00f3d: 11507<br>Salida 160mm<br>No incluye ca\u00f1o de salida<br>Cap. de extracci\u00f3n 720mt\/h<\/p>\n\n\n\n<h3 class=\"wp-block-heading has-vivid-cyan-blue-color has-text-color\" id=\"block-809b0dc4-e17b-4d1b-84fb-5de5608d9368\">Dimensiones y peso<\/h3>\n\n\n\n<ul class=\"wp-block-list\" id=\"block-8f33af27-8049-4f80-9e0f-b6fbb996f0a0\">\n<li><\/li>\n<\/ul>\n\n\n\n<p id=\"block-92a25cc0-0d01-4ad8-8bae-5678b65a3111\">Largo:&nbsp;55 cm<\/p>\n\n\n\n<p id=\"block-afd051f1-411a-4f04-a684-df8586c806f7\">Ancho:&nbsp;88 cm<\/p>\n\n\n\n<p id=\"block-4fdd0a04-4928-4bdb-b646-bfeaccd3353b\">Altura:&nbsp;49 cm<\/p>\n","protected":false},"excerpt":{"rendered":"<p>Vidrio curvo 90cm<br \/>Teclado T\u00e1ctil<br \/>2 velocidades \/ Luz<br \/>C\u00f3d: 11507<br \/>Salida 160mm<br \/>No incluye ca\u00f1o de salida<br \/>Cap. de extracci\u00f3n 720mt\/h<\/p>\n","protected":false},"featured_media":4525,"comment_status":"open","ping_status":"closed","template":"","meta":{"om_disable_all_campaigns":false,"_uag_custom_page_level_css":"","_monsterinsights_skip_tracking":false,"_monsterinsights_sitenote_active":false,"_monsterinsights_sitenote_note":"","_monsterinsights_sitenote_category":0},"product_cat":[29],"product_tag":[52],"class_list":{"0":"post-2091","1":"product","2":"type-product","3":"status-publish","4":"has-post-thumbnail","6":"product_cat-electrodomesticos","7":"product_tag-campanas","9":"first","10":"instock","11":"shipping-taxable","12":"purchasable","13":"product-type-simple"},"aioseo_notices":[],"jetpack_sharing_enabled":true,"uagb_featured_image_src":{"full":["https:\/\/quasarhomecenter.com\/wp-content\/uploads\/2023\/11\/Proyecto-nuevo-38.png",2295,2295,false],"thumbnail":["https:\/\/quasarhomecenter.com\/wp-content\/uploads\/2023\/11\/Proyecto-nuevo-38-150x150.png",150,150,true],"medium":["https:\/\/quasarhomecenter.com\/wp-content\/uploads\/2023\/11\/Proyecto-nuevo-38-300x300.png",300,300,true],"medium_large":["https:\/\/quasarhomecenter.com\/wp-content\/uploads\/2023\/11\/Proyecto-nuevo-38-768x768.png",768,768,true],"large":["https:\/\/quasarhomecenter.com\/wp-content\/uploads\/2023\/11\/Proyecto-nuevo-38-1024x1024.png",1024,1024,true],"1536x1536":["https:\/\/quasarhomecenter.com\/wp-content\/uploads\/2023\/11\/Proyecto-nuevo-38-1536x1536.png",1536,1536,true],"2048x2048":["https:\/\/quasarhomecenter.com\/wp-content\/uploads\/2023\/11\/Proyecto-nuevo-38-2048x2048.png",2048,2048,true],"mailpoet_newsletter_max":["https:\/\/quasarhomecenter.com\/wp-content\/uploads\/2023\/11\/Proyecto-nuevo-38-1320x1320.png",1320,1320,true],"woocommerce_thumbnail":["https:\/\/quasarhomecenter.com\/wp-content\/uploads\/2023\/11\/Proyecto-nuevo-38-300x300.png",300,300,true],"woocommerce_single":["https:\/\/quasarhomecenter.com\/wp-content\/uploads\/2023\/11\/Proyecto-nuevo-38-600x600.png",600,600,true],"woocommerce_gallery_thumbnail":["https:\/\/quasarhomecenter.com\/wp-content\/uploads\/2023\/11\/Proyecto-nuevo-38-100x100.png",100,100,true]},"uagb_author_info":{"display_name":"quasarhomecenter.com","author_link":"https:\/\/quasarhomecenter.com\/index.php\/author\/"},"uagb_comment_info":0,"uagb_excerpt":"Vidrio curvo 90cmTeclado T\u00e1ctil2 velocidades \/ LuzC\u00f3d: 11507Salida 160mmNo incluye ca\u00f1o de salidaCap. de extracci\u00f3n 720mt\/h","_links":{"self":[{"href":"https:\/\/quasarhomecenter.com\/index.php\/wp-json\/wp\/v2\/product\/2091","targetHints":{"allow":["GET"]}}],"collection":[{"href":"https:\/\/quasarhomecenter.com\/index.php\/wp-json\/wp\/v2\/product"}],"about":[{"href":"https:\/\/quasarhomecenter.com\/index.php\/wp-json\/wp\/v2\/types\/product"}],"replies":[{"embeddable":true,"href":"https:\/\/quasarhomecenter.com\/index.php\/wp-json\/wp\/v2\/comments?post=2091"}],"wp:featuredmedia":[{"embeddable":true,"href":"https:\/\/quasarhomecenter.com\/index.php\/wp-json\/wp\/v2\/media\/4525"}],"wp:attachment":[{"href":"https:\/\/quasarhomecenter.com\/index.php\/wp-json\/wp\/v2\/media?parent=2091"}],"wp:term":[{"taxonomy":"product_cat","embeddable":true,"href":"https:\/\/quasarhomecenter.com\/index.php\/wp-json\/wp\/v2\/product_cat?post=2091"},{"taxonomy":"product_tag","embeddable":true,"href":"https:\/\/quasarhomecenter.com\/index.php\/wp-json\/wp\/v2\/product_tag?post=2091"}],"curies":[{"name":"wp","href":"https:\/\/api.w.org\/{rel}","templated":true}]}}