{"id":2161,"date":"2023-10-25T18:02:11","date_gmt":"2023-10-25T21:02:11","guid":{"rendered":"https:\/\/quasarhomecenter.com\/?post_type=product&#038;p=2161"},"modified":"2023-11-29T14:24:44","modified_gmt":"2023-11-29T17:24:44","slug":"calentador-de-tazas-de-cafe","status":"publish","type":"product","link":"https:\/\/quasarhomecenter.com\/index.php\/product\/calentador-de-tazas-de-cafe\/","title":{"rendered":"Calentador de tazas de Cafe"},"content":{"rendered":"\n<h2 class=\"wp-block-heading has-vivid-cyan-blue-color has-text-color\" id=\"block-c184aabd-aaf9-480e-b245-a85269666926\"><br>Caracter\u00edsticas destacadas<\/h2>\n\n\n\n<p id=\"block-e967af84-3f75-4108-b7db-aea9cdbf72d7\">Pulsa encender y apagar: despu\u00e9s de enchufar la corriente, coloca las tazas en los platos, pulsa el bot\u00f3n de arriba y funcionar\u00e1. Cuando no quieras calentarlo, tambi\u00e9n tendr\u00e1s que pulsar el bot\u00f3n para apagarlo. Si no pulsas el bot\u00f3n, mantendr\u00e1 una temperatura constante de 55 grados.<br>Seguro y respetuoso con el medio ambiente: aislamiento uniforme, el calentador de tazas puede evitar fugas de caf\u00e9 o agua. Cuando no hay electricidad, se puede colocar en la zona de calentamiento para evitar que entre la mano y tambi\u00e9n se puede utilizar como funda para evitar la p\u00e9rdida de calor.<br>Conductividad t\u00e9rmica r\u00e1pida: no emite el olor del producto, el interior de la placa es una placa calefactora de cer\u00e1mica, conducci\u00f3n de calor met\u00e1lica, control de calor, control de temperatura, calentador de caf\u00e9 sin pl\u00e1stico.<br>Varios vasos disponibles: se adaptan a muchos vasos, como de metal, cer\u00e1mica, esmalte, azulejos, cristaler\u00eda; pero no son aptos para vasos de material pl\u00e1stico ni ventosas. La<br>mejor opci\u00f3n de regalo: mantiene las bebidas calientes todo el d\u00eda, es un gran regalo para tu pareja, padre, madre, esposa, esposo y todos tus seres queridos el d\u00eda de San Valent\u00edn, Acci\u00f3n de Gracias y Navidad. Si tienes alguna pregunta, ponte en contacto con nosotros a tiempo, estaremos encantados de pedirte que respondas.<\/p>\n\n\n\n<p id=\"block-54fcdc79-9dd1-4f8f-9892-80dba77dde95\">Mod: 52 Love<br>C\u00f3d: 19463<\/p>\n\n\n\n<h2 class=\"wp-block-heading has-vivid-cyan-blue-color has-text-color\" id=\"block-10aa86fa-acbc-4116-93a8-15d0d60b25dc\">Dimensiones y peso<\/h2>\n\n\n\n<p id=\"block-0ba2f3da-88e5-4770-a4b8-118fde7aa995\">Largo:&nbsp;28 cm<\/p>\n\n\n\n<p id=\"block-7bbb0805-9407-4d94-bebd-2c6eb731798c\">Ancho:&nbsp;36 cm<\/p>\n\n\n\n<p id=\"block-19d77b17-b20d-45a4-8027-633648050108\">Altura:&nbsp;6.5 cm<\/p>\n","protected":false},"excerpt":{"rendered":"<p> 52 Love <br \/>C\u00f3d: 19463<\/p>\n","protected":false},"featured_media":4600,"comment_status":"open","ping_status":"closed","template":"","meta":{"om_disable_all_campaigns":false,"_uag_custom_page_level_css":"","_monsterinsights_skip_tracking":false,"_monsterinsights_sitenote_active":false,"_monsterinsights_sitenote_note":"","_monsterinsights_sitenote_category":0},"product_cat":[29],"product_tag":[135],"class_list":{"0":"post-2161","1":"product","2":"type-product","3":"status-publish","4":"has-post-thumbnail","6":"product_cat-electrodomesticos","7":"product_tag-electrodomesticos-varios","9":"first","10":"instock","11":"shipping-taxable","12":"purchasable","13":"product-type-simple"},"aioseo_notices":[],"jetpack_sharing_enabled":true,"uagb_featured_image_src":{"full":["https:\/\/quasarhomecenter.com\/wp-content\/uploads\/2023\/11\/19463-Banco-de-datos.png-2.png",2955,2955,false],"thumbnail":["https:\/\/quasarhomecenter.com\/wp-content\/uploads\/2023\/11\/19463-Banco-de-datos.png-2-150x150.png",150,150,true],"medium":["https:\/\/quasarhomecenter.com\/wp-content\/uploads\/2023\/11\/19463-Banco-de-datos.png-2-300x300.png",300,300,true],"medium_large":["https:\/\/quasarhomecenter.com\/wp-content\/uploads\/2023\/11\/19463-Banco-de-datos.png-2-768x768.png",768,768,true],"large":["https:\/\/quasarhomecenter.com\/wp-content\/uploads\/2023\/11\/19463-Banco-de-datos.png-2-1024x1024.png",1024,1024,true],"1536x1536":["https:\/\/quasarhomecenter.com\/wp-content\/uploads\/2023\/11\/19463-Banco-de-datos.png-2-1536x1536.png",1536,1536,true],"2048x2048":["https:\/\/quasarhomecenter.com\/wp-content\/uploads\/2023\/11\/19463-Banco-de-datos.png-2-2048x2048.png",2048,2048,true],"mailpoet_newsletter_max":["https:\/\/quasarhomecenter.com\/wp-content\/uploads\/2023\/11\/19463-Banco-de-datos.png-2-1320x1320.png",1320,1320,true],"woocommerce_thumbnail":["https:\/\/quasarhomecenter.com\/wp-content\/uploads\/2023\/11\/19463-Banco-de-datos.png-2-300x300.png",300,300,true],"woocommerce_single":["https:\/\/quasarhomecenter.com\/wp-content\/uploads\/2023\/11\/19463-Banco-de-datos.png-2-600x600.png",600,600,true],"woocommerce_gallery_thumbnail":["https:\/\/quasarhomecenter.com\/wp-content\/uploads\/2023\/11\/19463-Banco-de-datos.png-2-100x100.png",100,100,true]},"uagb_author_info":{"display_name":"quasarhomecenter.com","author_link":"https:\/\/quasarhomecenter.com\/index.php\/author\/"},"uagb_comment_info":0,"uagb_excerpt":"52 Love C\u00f3d: 19463","_links":{"self":[{"href":"https:\/\/quasarhomecenter.com\/index.php\/wp-json\/wp\/v2\/product\/2161","targetHints":{"allow":["GET"]}}],"collection":[{"href":"https:\/\/quasarhomecenter.com\/index.php\/wp-json\/wp\/v2\/product"}],"about":[{"href":"https:\/\/quasarhomecenter.com\/index.php\/wp-json\/wp\/v2\/types\/product"}],"replies":[{"embeddable":true,"href":"https:\/\/quasarhomecenter.com\/index.php\/wp-json\/wp\/v2\/comments?post=2161"}],"wp:featuredmedia":[{"embeddable":true,"href":"https:\/\/quasarhomecenter.com\/index.php\/wp-json\/wp\/v2\/media\/4600"}],"wp:attachment":[{"href":"https:\/\/quasarhomecenter.com\/index.php\/wp-json\/wp\/v2\/media?parent=2161"}],"wp:term":[{"taxonomy":"product_cat","embeddable":true,"href":"https:\/\/quasarhomecenter.com\/index.php\/wp-json\/wp\/v2\/product_cat?post=2161"},{"taxonomy":"product_tag","embeddable":true,"href":"https:\/\/quasarhomecenter.com\/index.php\/wp-json\/wp\/v2\/product_tag?post=2161"}],"curies":[{"name":"wp","href":"https:\/\/api.w.org\/{rel}","templated":true}]}}