{"id":2190,"date":"2023-10-26T08:36:50","date_gmt":"2023-10-26T11:36:50","guid":{"rendered":"https:\/\/quasarhomecenter.com\/?post_type=product&#038;p=2190"},"modified":"2023-11-30T08:51:19","modified_gmt":"2023-11-30T11:51:19","slug":"sandwichera-plancha","status":"publish","type":"product","link":"https:\/\/quasarhomecenter.com\/index.php\/product\/sandwichera-plancha\/","title":{"rendered":"Sandwichera plancha"},"content":{"rendered":"\n<h2 class=\"wp-block-heading has-vivid-cyan-blue-color has-text-color\" id=\"block-fbd047fa-0758-4835-a7fc-dbc60492e049\">Caracter\u00edsticas destacadas<\/h2>\n\n\n\n<p>La sandwichera plancha SLT 6005 es un electrodom\u00e9stico dise\u00f1ado para facilitar la preparaci\u00f3n de deliciosos s\u00e1ndwiches y otros alimentos a la plancha. Con un tama\u00f1o compacto de 24&#215;29 cm, esta sandwichera es ideal para cocinas con espacio limitado.<\/p>\n\n\n\n<p>Su dise\u00f1o cuenta con una perilla que permite ajustar la temperatura seg\u00fan las necesidades de cocci\u00f3n, brindando versatilidad para preparar una variedad de platos. La perilla tambi\u00e9n facilita el control preciso de la temperatura para lograr resultados \u00f3ptimos en la cocina.<\/p>\n\n\n\n<p>Sanwichera plancha<br>Modelo: SLT 6005 una perilla<br>Tama\u00f1o 24x29cm<br>C\u00f3d: 23023<\/p>\n\n\n\n<p id=\"block-73d31c25-5422-42b9-b836-746a1fd3eead\"><br><\/p>\n\n\n\n<h3 class=\"wp-block-heading has-vivid-cyan-blue-color has-text-color\" id=\"block-a904a815-39e8-48e1-8f92-396270eecdb6\">Caracter\u00edsticas generales<\/h3>\n\n\n\n<figure class=\"wp-block-table\"><table><tbody><tr><td><strong>Marca<\/strong><\/td><td>Super Crest<\/td><\/tr><tr><td><strong>Modelo<\/strong><\/td><td>SLT 6005<\/td><\/tr><tr><td><strong>Color<\/strong><\/td><td>Plateado <\/td><\/tr><tr><td><strong>Voltaje<\/strong><\/td><td>3000w<\/td><\/tr><\/tbody><\/table><\/figure>\n\n\n\n<h3 class=\"wp-block-heading has-vivid-cyan-blue-color has-text-color\" id=\"block-3055832a-3e7d-4652-ab57-d58b67f25ad8\">Especificaciones<\/h3>\n\n\n\n<figure class=\"wp-block-table\"><table><tbody><tr><td><strong>Potencia<br><\/strong>\ufeff<\/td><td>3000w<\/td><\/tr><tr><td><strong>Capacidad de sandwiches<\/strong><\/td><td>2<\/td><\/tr><tr><td><strong>Tipos de placas<\/strong><\/td><td>Grill<\/td><\/tr><tr><td><strong>Material<\/strong><\/td><td>Acero inoxidable<\/td><\/tr><tr><td><strong>Con superficie antiadherente<\/strong><\/td><td>S\u00ed<\/td><\/tr><tr><td><strong>Peso<\/strong><\/td><td><\/td><\/tr><\/tbody><\/table><\/figure>\n\n\n\n<h2 class=\"wp-block-heading has-vivid-cyan-blue-color has-text-color\" id=\"block-3ba89da4-3f99-4a50-aabd-b6763c49cf90\">Dimensiones y peso<\/h2>\n\n\n\n<p id=\"block-2eed53f8-c43a-4676-b952-6722c8bc6253\">Largo:\u00a024 cm<\/p>\n\n\n\n<p id=\"block-53e55858-c698-44c0-bd78-8ca46f2f2ba5\">Ancho: 29 cm<\/p>\n","protected":false},"excerpt":{"rendered":"<p>Modelo: SLT 6005 una perilla<br \/>C\u00f3d: 23023<\/p>\n","protected":false},"featured_media":4626,"comment_status":"open","ping_status":"closed","template":"","meta":{"om_disable_all_campaigns":false,"_uag_custom_page_level_css":"","_monsterinsights_skip_tracking":false,"_monsterinsights_sitenote_active":false,"_monsterinsights_sitenote_note":"","_monsterinsights_sitenote_category":0},"product_cat":[29],"product_tag":[134],"class_list":{"0":"post-2190","1":"product","2":"type-product","3":"status-publish","4":"has-post-thumbnail","6":"product_cat-electrodomesticos","7":"product_tag-pequenos-electrodomesticos","9":"first","10":"instock","11":"shipping-taxable","12":"purchasable","13":"product-type-simple"},"aioseo_notices":[],"jetpack_sharing_enabled":true,"uagb_featured_image_src":{"full":["https:\/\/quasarhomecenter.com\/wp-content\/uploads\/2023\/11\/23023-Banco-de-datos.png",2955,2955,false],"thumbnail":["https:\/\/quasarhomecenter.com\/wp-content\/uploads\/2023\/11\/23023-Banco-de-datos-150x150.png",150,150,true],"medium":["https:\/\/quasarhomecenter.com\/wp-content\/uploads\/2023\/11\/23023-Banco-de-datos-300x300.png",300,300,true],"medium_large":["https:\/\/quasarhomecenter.com\/wp-content\/uploads\/2023\/11\/23023-Banco-de-datos-768x768.png",768,768,true],"large":["https:\/\/quasarhomecenter.com\/wp-content\/uploads\/2023\/11\/23023-Banco-de-datos-1024x1024.png",1024,1024,true],"1536x1536":["https:\/\/quasarhomecenter.com\/wp-content\/uploads\/2023\/11\/23023-Banco-de-datos-1536x1536.png",1536,1536,true],"2048x2048":["https:\/\/quasarhomecenter.com\/wp-content\/uploads\/2023\/11\/23023-Banco-de-datos-2048x2048.png",2048,2048,true],"mailpoet_newsletter_max":["https:\/\/quasarhomecenter.com\/wp-content\/uploads\/2023\/11\/23023-Banco-de-datos-1320x1320.png",1320,1320,true],"woocommerce_thumbnail":["https:\/\/quasarhomecenter.com\/wp-content\/uploads\/2023\/11\/23023-Banco-de-datos-300x300.png",300,300,true],"woocommerce_single":["https:\/\/quasarhomecenter.com\/wp-content\/uploads\/2023\/11\/23023-Banco-de-datos-600x600.png",600,600,true],"woocommerce_gallery_thumbnail":["https:\/\/quasarhomecenter.com\/wp-content\/uploads\/2023\/11\/23023-Banco-de-datos-100x100.png",100,100,true]},"uagb_author_info":{"display_name":"quasarhomecenter.com","author_link":"https:\/\/quasarhomecenter.com\/index.php\/author\/"},"uagb_comment_info":0,"uagb_excerpt":"Modelo: SLT 6005 una perillaC\u00f3d: 23023","_links":{"self":[{"href":"https:\/\/quasarhomecenter.com\/index.php\/wp-json\/wp\/v2\/product\/2190","targetHints":{"allow":["GET"]}}],"collection":[{"href":"https:\/\/quasarhomecenter.com\/index.php\/wp-json\/wp\/v2\/product"}],"about":[{"href":"https:\/\/quasarhomecenter.com\/index.php\/wp-json\/wp\/v2\/types\/product"}],"replies":[{"embeddable":true,"href":"https:\/\/quasarhomecenter.com\/index.php\/wp-json\/wp\/v2\/comments?post=2190"}],"wp:featuredmedia":[{"embeddable":true,"href":"https:\/\/quasarhomecenter.com\/index.php\/wp-json\/wp\/v2\/media\/4626"}],"wp:attachment":[{"href":"https:\/\/quasarhomecenter.com\/index.php\/wp-json\/wp\/v2\/media?parent=2190"}],"wp:term":[{"taxonomy":"product_cat","embeddable":true,"href":"https:\/\/quasarhomecenter.com\/index.php\/wp-json\/wp\/v2\/product_cat?post=2190"},{"taxonomy":"product_tag","embeddable":true,"href":"https:\/\/quasarhomecenter.com\/index.php\/wp-json\/wp\/v2\/product_tag?post=2190"}],"curies":[{"name":"wp","href":"https:\/\/api.w.org\/{rel}","templated":true}]}}