{"id":2210,"date":"2023-10-26T08:50:25","date_gmt":"2023-10-26T11:50:25","guid":{"rendered":"https:\/\/quasarhomecenter.com\/?post_type=product&#038;p=2210"},"modified":"2023-11-30T10:00:20","modified_gmt":"2023-11-30T13:00:20","slug":"barbacoa-electrica-sokany-2","status":"publish","type":"product","link":"https:\/\/quasarhomecenter.com\/index.php\/product\/barbacoa-electrica-sokany-2\/","title":{"rendered":"Barbacoa el\u00e9ctrica SOKANY"},"content":{"rendered":"\n<h2 class=\"wp-block-heading has-vivid-cyan-blue-color has-text-color\" id=\"block-429c9fde-88f3-4ae8-a1e8-dde018e65f94\">Caracter\u00edsticas destacadas<\/h2>\n\n\n\n<p>La barbacoa el\u00e9ctrica SOKANY, modelo SK-3572, es un electrodom\u00e9stico dise\u00f1ado para proporcionar una experiencia de parrilla conveniente y vers\u00e1til en entornos dom\u00e9sticos. Identificada con el c\u00f3digo 23907, esta barbacoa combina funcionalidad con practicidad.<\/p>\n\n\n\n<p>Con un dise\u00f1o compacto y eficiente, la SK-3572 es adecuada para espacios m\u00e1s reducidos, como balcones o patios peque\u00f1os. Al ser el\u00e9ctrica, ofrece una opci\u00f3n limpia y f\u00e1cil de controlar en t\u00e9rminos de temperatura, sin necesidad de utilizar carb\u00f3n o gas.<\/p>\n\n\n\n<p>Barbacoa el\u00e9ctrica SOKANY<br>Modelo: SK-3572<br>C\u00f3d: 23907<\/p>\n\n\n\n<h3 class=\"wp-block-heading has-vivid-cyan-blue-color has-text-color\" id=\"block-842d7ff8-b001-4232-af1d-71086a3474fe\">Caracter\u00edsticas generales<\/h3>\n\n\n\n<figure class=\"wp-block-table\"><table><tbody><tr><td>Funci\u00f3n<\/td><td>Fre\u00edr<\/td><\/tr><tr><td>Potencia<\/td><td>1500w<\/td><\/tr><tr><td>Nombre de la marca<\/td><td>Sokany<\/td><\/tr><tr><td>Tensi\u00f3n<\/td><td>220-240 V<\/td><\/tr><\/tbody><\/table><\/figure>\n\n\n\n<h2 class=\"wp-block-heading has-vivid-cyan-blue-color has-text-color\" id=\"block-7159a4fc-c015-4cbb-9564-61c9a037869c\">Dimensiones y peso<\/h2>\n\n\n\n<p id=\"block-d70ced3c-be45-450f-a114-f5d5df742297\">Largo:\u00a039 cm<\/p>\n\n\n\n<p id=\"block-591102c9-f007-4081-afcb-b8faa6879e50\">Ancho: 26 cm<\/p>\n\n\n\n<p id=\"block-87aeed85-d107-4bf7-aa65-37efc3eea4e5\">Alto: 9cm<\/p>\n","protected":false},"excerpt":{"rendered":"<p>Modelo: SK-3572<br \/>C\u00f3d: 23907<\/p>\n","protected":false},"featured_media":4630,"comment_status":"open","ping_status":"closed","template":"","meta":{"om_disable_all_campaigns":false,"_uag_custom_page_level_css":"","_monsterinsights_skip_tracking":false,"_monsterinsights_sitenote_active":false,"_monsterinsights_sitenote_note":"","_monsterinsights_sitenote_category":0},"product_cat":[29],"product_tag":[137,51,138],"class_list":{"0":"post-2210","1":"product","2":"type-product","3":"status-publish","4":"has-post-thumbnail","6":"product_cat-electrodomesticos","7":"product_tag-barbacoas","8":"product_tag-cocinas-barbacoas-hornos-y-anafes","9":"product_tag-hornos-y-anafes","11":"first","12":"instock","13":"shipping-taxable","14":"purchasable","15":"product-type-simple"},"aioseo_notices":[],"jetpack_sharing_enabled":true,"uagb_featured_image_src":{"full":["https:\/\/quasarhomecenter.com\/wp-content\/uploads\/2023\/11\/23907-Banco-de-datos.png",2955,2955,false],"thumbnail":["https:\/\/quasarhomecenter.com\/wp-content\/uploads\/2023\/11\/23907-Banco-de-datos-150x150.png",150,150,true],"medium":["https:\/\/quasarhomecenter.com\/wp-content\/uploads\/2023\/11\/23907-Banco-de-datos-300x300.png",300,300,true],"medium_large":["https:\/\/quasarhomecenter.com\/wp-content\/uploads\/2023\/11\/23907-Banco-de-datos-768x768.png",768,768,true],"large":["https:\/\/quasarhomecenter.com\/wp-content\/uploads\/2023\/11\/23907-Banco-de-datos-1024x1024.png",1024,1024,true],"1536x1536":["https:\/\/quasarhomecenter.com\/wp-content\/uploads\/2023\/11\/23907-Banco-de-datos-1536x1536.png",1536,1536,true],"2048x2048":["https:\/\/quasarhomecenter.com\/wp-content\/uploads\/2023\/11\/23907-Banco-de-datos-2048x2048.png",2048,2048,true],"mailpoet_newsletter_max":["https:\/\/quasarhomecenter.com\/wp-content\/uploads\/2023\/11\/23907-Banco-de-datos-1320x1320.png",1320,1320,true],"woocommerce_thumbnail":["https:\/\/quasarhomecenter.com\/wp-content\/uploads\/2023\/11\/23907-Banco-de-datos-300x300.png",300,300,true],"woocommerce_single":["https:\/\/quasarhomecenter.com\/wp-content\/uploads\/2023\/11\/23907-Banco-de-datos-600x600.png",600,600,true],"woocommerce_gallery_thumbnail":["https:\/\/quasarhomecenter.com\/wp-content\/uploads\/2023\/11\/23907-Banco-de-datos-100x100.png",100,100,true]},"uagb_author_info":{"display_name":"quasarhomecenter.com","author_link":"https:\/\/quasarhomecenter.com\/index.php\/author\/"},"uagb_comment_info":0,"uagb_excerpt":"Modelo: SK-3572C\u00f3d: 23907","_links":{"self":[{"href":"https:\/\/quasarhomecenter.com\/index.php\/wp-json\/wp\/v2\/product\/2210","targetHints":{"allow":["GET"]}}],"collection":[{"href":"https:\/\/quasarhomecenter.com\/index.php\/wp-json\/wp\/v2\/product"}],"about":[{"href":"https:\/\/quasarhomecenter.com\/index.php\/wp-json\/wp\/v2\/types\/product"}],"replies":[{"embeddable":true,"href":"https:\/\/quasarhomecenter.com\/index.php\/wp-json\/wp\/v2\/comments?post=2210"}],"wp:featuredmedia":[{"embeddable":true,"href":"https:\/\/quasarhomecenter.com\/index.php\/wp-json\/wp\/v2\/media\/4630"}],"wp:attachment":[{"href":"https:\/\/quasarhomecenter.com\/index.php\/wp-json\/wp\/v2\/media?parent=2210"}],"wp:term":[{"taxonomy":"product_cat","embeddable":true,"href":"https:\/\/quasarhomecenter.com\/index.php\/wp-json\/wp\/v2\/product_cat?post=2210"},{"taxonomy":"product_tag","embeddable":true,"href":"https:\/\/quasarhomecenter.com\/index.php\/wp-json\/wp\/v2\/product_tag?post=2210"}],"curies":[{"name":"wp","href":"https:\/\/api.w.org\/{rel}","templated":true}]}}