{"id":2229,"date":"2023-10-26T09:09:20","date_gmt":"2023-10-26T12:09:20","guid":{"rendered":"https:\/\/quasarhomecenter.com\/?post_type=product&#038;p=2229"},"modified":"2023-11-30T11:53:00","modified_gmt":"2023-11-30T14:53:00","slug":"procesadora-raf-2","status":"publish","type":"product","link":"https:\/\/quasarhomecenter.com\/index.php\/product\/procesadora-raf-2\/","title":{"rendered":"Procesadora RAF"},"content":{"rendered":"\n<h2 class=\"wp-block-heading has-vivid-cyan-blue-color has-text-color\" id=\"block-c081a484-b22e-44b5-9173-597865859bca\">Caracter\u00edsticas destacadas<\/h2>\n\n\n\n<p>La procesadora RAF, modelo R-7003, es un electrodom\u00e9stico dise\u00f1ado para facilitar diversas tareas en la cocina. Con una capacidad de 2 litros y el c\u00f3digo identificador 23942, esta procesadora ofrece versatilidad y comodidad.<\/p>\n\n\n\n<p>Este modelo espec\u00edfico podr\u00eda incluir funciones como picar, rebanar, rallar y otras tareas de procesamiento de alimentos. Su capacidad de 2 litros es adecuada para preparar porciones medianas a grandes, lo que la hace \u00fatil para diversas recetas y necesidades en la cocina.<\/p>\n\n\n\n<p>Procesadora RAF<br>Modelo: R-7003 2Lts<br>C\u00f3d: 23942<\/p>\n\n\n\n<p id=\"block-55061e1f-1d9f-44e0-af6b-e8a29b8bacdd\">\ufeff<\/p>\n\n\n\n<h3 class=\"wp-block-heading has-vivid-cyan-blue-color has-text-color\" id=\"block-7d594b66-75c1-4bd2-ab70-44ccaf62ebd8\">Caracter\u00edsticas generales<\/h3>\n\n\n\n<figure class=\"wp-block-table\"><table><tbody><tr><td><strong>Volumen<\/strong><\/td><td>2L<\/td><\/tr><tr><td><strong>Potencia<\/strong><\/td><td>600w<\/td><\/tr><tr><td><strong>Tipo de alimentaci\u00f3n<\/strong><\/td><td>El\u00e9ctrica<\/td><\/tr><tr><td><strong>Alimentaci\u00f3n<\/strong><\/td><td>220-240V<\/td><\/tr><tr><td><strong>Frecuencia de funcionamiento<\/strong><\/td><td>50\/60Hz<\/td><\/tr><tr><td><strong>Material de las cuchillas<\/strong><\/td><td>Acero inoxidable<\/td><\/tr><\/tbody><\/table><\/figure>\n\n\n\n<h2 class=\"wp-block-heading has-vivid-cyan-blue-color has-text-color\" id=\"block-9f2126d6-12b9-4373-bcf5-760788578fc2\">Dimensiones y peso<\/h2>\n\n\n\n<p id=\"block-4536370d-166c-4ec4-abed-0a28da0cf23f\">Largo:&nbsp;0 cm<\/p>\n\n\n\n<p id=\"block-7d5fe999-4a44-4af7-b949-6dbfed5dcdbf\">Ancho: 0 cm<\/p>\n","protected":false},"excerpt":{"rendered":"<p>Modelo: R-7003<br \/>C\u00f3d: 23942<\/p>\n","protected":false},"featured_media":2230,"comment_status":"open","ping_status":"closed","template":"","meta":{"om_disable_all_campaigns":false,"_uag_custom_page_level_css":"","_monsterinsights_skip_tracking":false,"_monsterinsights_sitenote_active":false,"_monsterinsights_sitenote_note":"","_monsterinsights_sitenote_category":0},"product_cat":[29],"product_tag":[134],"class_list":{"0":"post-2229","1":"product","2":"type-product","3":"status-publish","4":"has-post-thumbnail","6":"product_cat-electrodomesticos","7":"product_tag-pequenos-electrodomesticos","9":"first","10":"instock","11":"shipping-taxable","12":"purchasable","13":"product-type-simple"},"aioseo_notices":[],"jetpack_sharing_enabled":true,"uagb_featured_image_src":{"full":["https:\/\/quasarhomecenter.com\/wp-content\/uploads\/2023\/10\/image-removebg-preview-26-2.png",359,459,false],"thumbnail":["https:\/\/quasarhomecenter.com\/wp-content\/uploads\/2023\/10\/image-removebg-preview-26-2-150x150.png",150,150,true],"medium":["https:\/\/quasarhomecenter.com\/wp-content\/uploads\/2023\/10\/image-removebg-preview-26-2-235x300.png",235,300,true],"medium_large":["https:\/\/quasarhomecenter.com\/wp-content\/uploads\/2023\/10\/image-removebg-preview-26-2.png",359,459,false],"large":["https:\/\/quasarhomecenter.com\/wp-content\/uploads\/2023\/10\/image-removebg-preview-26-2.png",359,459,false],"1536x1536":["https:\/\/quasarhomecenter.com\/wp-content\/uploads\/2023\/10\/image-removebg-preview-26-2.png",359,459,false],"2048x2048":["https:\/\/quasarhomecenter.com\/wp-content\/uploads\/2023\/10\/image-removebg-preview-26-2.png",359,459,false],"mailpoet_newsletter_max":["https:\/\/quasarhomecenter.com\/wp-content\/uploads\/2023\/10\/image-removebg-preview-26-2.png",359,459,false],"woocommerce_thumbnail":["https:\/\/quasarhomecenter.com\/wp-content\/uploads\/2023\/10\/image-removebg-preview-26-2-300x300.png",300,300,true],"woocommerce_single":["https:\/\/quasarhomecenter.com\/wp-content\/uploads\/2023\/10\/image-removebg-preview-26-2.png",359,459,false],"woocommerce_gallery_thumbnail":["https:\/\/quasarhomecenter.com\/wp-content\/uploads\/2023\/10\/image-removebg-preview-26-2-100x100.png",100,100,true]},"uagb_author_info":{"display_name":"quasarhomecenter.com","author_link":"https:\/\/quasarhomecenter.com\/index.php\/author\/"},"uagb_comment_info":0,"uagb_excerpt":"Modelo: R-7003C\u00f3d: 23942","_links":{"self":[{"href":"https:\/\/quasarhomecenter.com\/index.php\/wp-json\/wp\/v2\/product\/2229","targetHints":{"allow":["GET"]}}],"collection":[{"href":"https:\/\/quasarhomecenter.com\/index.php\/wp-json\/wp\/v2\/product"}],"about":[{"href":"https:\/\/quasarhomecenter.com\/index.php\/wp-json\/wp\/v2\/types\/product"}],"replies":[{"embeddable":true,"href":"https:\/\/quasarhomecenter.com\/index.php\/wp-json\/wp\/v2\/comments?post=2229"}],"wp:featuredmedia":[{"embeddable":true,"href":"https:\/\/quasarhomecenter.com\/index.php\/wp-json\/wp\/v2\/media\/2230"}],"wp:attachment":[{"href":"https:\/\/quasarhomecenter.com\/index.php\/wp-json\/wp\/v2\/media?parent=2229"}],"wp:term":[{"taxonomy":"product_cat","embeddable":true,"href":"https:\/\/quasarhomecenter.com\/index.php\/wp-json\/wp\/v2\/product_cat?post=2229"},{"taxonomy":"product_tag","embeddable":true,"href":"https:\/\/quasarhomecenter.com\/index.php\/wp-json\/wp\/v2\/product_tag?post=2229"}],"curies":[{"name":"wp","href":"https:\/\/api.w.org\/{rel}","templated":true}]}}