{"id":2236,"date":"2023-10-26T09:13:05","date_gmt":"2023-10-26T12:13:05","guid":{"rendered":"https:\/\/quasarhomecenter.com\/?post_type=product&#038;p=2236"},"modified":"2023-11-30T14:36:06","modified_gmt":"2023-11-30T17:36:06","slug":"procesadora-sct-2021","status":"publish","type":"product","link":"https:\/\/quasarhomecenter.com\/index.php\/product\/procesadora-sct-2021\/","title":{"rendered":"Procesadora SCT-2021"},"content":{"rendered":"\n<h2 class=\"wp-block-heading has-vivid-cyan-blue-color has-text-color\" id=\"block-7c2f7648-5ea1-4c0f-b616-61df5bbff7f3\"><br>Caracter\u00edsticas destacadas<\/h2>\n\n\n\n<p>La procesadora SCT-2021 es un electrodom\u00e9stico dise\u00f1ado para facilitar diversas tareas en la cocina. Con una generosa capacidad de 3,5 litros y el c\u00f3digo identificador 23960, esta procesadora ofrece versatilidad y eficiencia en el procesamiento de alimentos.<\/p>\n\n\n\n<p>Este modelo espec\u00edfico podr\u00eda incluir funciones como picar, rebanar, rallar y otras tareas de procesamiento, proporcionando la flexibilidad necesaria para abordar diversas recetas y necesidades culinarias. La capacidad de 3,5 litros es ideal para preparar porciones m\u00e1s grandes, siendo \u00fatil en la cocina familiar o para aquellos que disfrutan de la preparaci\u00f3n de alimentos a mayor escala.<\/p>\n\n\n\n<p>Procesadora<br>Modelo: SCT-2021 3,5Lts<br>C\u00f3d: 23960<\/p>\n\n\n\n<p id=\"block-1b364a0b-7770-47b6-94f0-e13449c553e3\">\ufeff<\/p>\n\n\n\n<h3 class=\"wp-block-heading has-vivid-cyan-blue-color has-text-color\" id=\"block-70155dbb-3da7-4608-9c44-f2ccfcba4a2e\">Caracter\u00edsticas generales<\/h3>\n\n\n\n<figure class=\"wp-block-table\"><table><tbody><tr><td><strong>Volumen<\/strong><\/td><td>3.5L<\/td><\/tr><tr><td><strong>Potencia<\/strong><\/td><td>2000w<\/td><\/tr><tr><td><strong>Tipo de alimentaci\u00f3n<\/strong><\/td><td>El\u00e9ctrica<\/td><\/tr><tr><td><strong>Alimentaci\u00f3n<\/strong><\/td><td>220-240V<\/td><\/tr><tr><td><strong>Frecuencia de funcionamiento<\/strong><\/td><td>50\/60Hz<\/td><\/tr><tr><td><strong>Material de las cuchillas<\/strong><\/td><td>Acero inoxidable<\/td><\/tr><\/tbody><\/table><\/figure>\n\n\n\n<h2 class=\"wp-block-heading has-vivid-cyan-blue-color has-text-color\" id=\"block-89e85515-54bf-4f59-bf51-ece50ebe6760\">Dimensiones y peso<\/h2>\n\n\n\n<p id=\"block-b2da6780-66ec-4e96-9804-4c1bb6c309a2\">Largo:&nbsp;0 cm<\/p>\n\n\n\n<p id=\"block-dbc5f226-0183-4aa0-b99a-c9c90c4c3185\">Ancho: 0 cm<\/p>\n","protected":false},"excerpt":{"rendered":"<p>Modelo: SCT-2021 <br \/>C\u00f3d: 23960<\/p>\n","protected":false},"featured_media":4649,"comment_status":"open","ping_status":"closed","template":"","meta":{"om_disable_all_campaigns":false,"_uag_custom_page_level_css":"","_monsterinsights_skip_tracking":false,"_monsterinsights_sitenote_active":false,"_monsterinsights_sitenote_note":"","_monsterinsights_sitenote_category":0},"product_cat":[29],"product_tag":[134],"class_list":{"0":"post-2236","1":"product","2":"type-product","3":"status-publish","4":"has-post-thumbnail","6":"product_cat-electrodomesticos","7":"product_tag-pequenos-electrodomesticos","9":"first","10":"instock","11":"shipping-taxable","12":"purchasable","13":"product-type-simple"},"aioseo_notices":[],"jetpack_sharing_enabled":true,"uagb_featured_image_src":{"full":["https:\/\/quasarhomecenter.com\/wp-content\/uploads\/2023\/11\/23960-Banco-de-datos.png",2955,2955,false],"thumbnail":["https:\/\/quasarhomecenter.com\/wp-content\/uploads\/2023\/11\/23960-Banco-de-datos-150x150.png",150,150,true],"medium":["https:\/\/quasarhomecenter.com\/wp-content\/uploads\/2023\/11\/23960-Banco-de-datos-300x300.png",300,300,true],"medium_large":["https:\/\/quasarhomecenter.com\/wp-content\/uploads\/2023\/11\/23960-Banco-de-datos-768x768.png",768,768,true],"large":["https:\/\/quasarhomecenter.com\/wp-content\/uploads\/2023\/11\/23960-Banco-de-datos-1024x1024.png",1024,1024,true],"1536x1536":["https:\/\/quasarhomecenter.com\/wp-content\/uploads\/2023\/11\/23960-Banco-de-datos-1536x1536.png",1536,1536,true],"2048x2048":["https:\/\/quasarhomecenter.com\/wp-content\/uploads\/2023\/11\/23960-Banco-de-datos-2048x2048.png",2048,2048,true],"mailpoet_newsletter_max":["https:\/\/quasarhomecenter.com\/wp-content\/uploads\/2023\/11\/23960-Banco-de-datos-1320x1320.png",1320,1320,true],"woocommerce_thumbnail":["https:\/\/quasarhomecenter.com\/wp-content\/uploads\/2023\/11\/23960-Banco-de-datos-300x300.png",300,300,true],"woocommerce_single":["https:\/\/quasarhomecenter.com\/wp-content\/uploads\/2023\/11\/23960-Banco-de-datos-600x600.png",600,600,true],"woocommerce_gallery_thumbnail":["https:\/\/quasarhomecenter.com\/wp-content\/uploads\/2023\/11\/23960-Banco-de-datos-100x100.png",100,100,true]},"uagb_author_info":{"display_name":"quasarhomecenter.com","author_link":"https:\/\/quasarhomecenter.com\/index.php\/author\/"},"uagb_comment_info":0,"uagb_excerpt":"Modelo: SCT-2021 C\u00f3d: 23960","_links":{"self":[{"href":"https:\/\/quasarhomecenter.com\/index.php\/wp-json\/wp\/v2\/product\/2236","targetHints":{"allow":["GET"]}}],"collection":[{"href":"https:\/\/quasarhomecenter.com\/index.php\/wp-json\/wp\/v2\/product"}],"about":[{"href":"https:\/\/quasarhomecenter.com\/index.php\/wp-json\/wp\/v2\/types\/product"}],"replies":[{"embeddable":true,"href":"https:\/\/quasarhomecenter.com\/index.php\/wp-json\/wp\/v2\/comments?post=2236"}],"wp:featuredmedia":[{"embeddable":true,"href":"https:\/\/quasarhomecenter.com\/index.php\/wp-json\/wp\/v2\/media\/4649"}],"wp:attachment":[{"href":"https:\/\/quasarhomecenter.com\/index.php\/wp-json\/wp\/v2\/media?parent=2236"}],"wp:term":[{"taxonomy":"product_cat","embeddable":true,"href":"https:\/\/quasarhomecenter.com\/index.php\/wp-json\/wp\/v2\/product_cat?post=2236"},{"taxonomy":"product_tag","embeddable":true,"href":"https:\/\/quasarhomecenter.com\/index.php\/wp-json\/wp\/v2\/product_tag?post=2236"}],"curies":[{"name":"wp","href":"https:\/\/api.w.org\/{rel}","templated":true}]}}