{"id":2250,"date":"2023-10-26T09:29:22","date_gmt":"2023-10-26T12:29:22","guid":{"rendered":"https:\/\/quasarhomecenter.com\/?post_type=product&#038;p=2250"},"modified":"2023-11-30T15:11:06","modified_gmt":"2023-11-30T18:11:06","slug":"balanza-de-bano-color","status":"publish","type":"product","link":"https:\/\/quasarhomecenter.com\/index.php\/product\/balanza-de-bano-color\/","title":{"rendered":"Balanza de ban\u0303o Color"},"content":{"rendered":"\n<h2 class=\"wp-block-heading has-vivid-cyan-blue-color has-text-color\" id=\"block-7c2f7648-5ea1-4c0f-b616-61df5bbff7f3\"><br>Caracter\u00edsticas destacadas<\/h2>\n\n\n\n<p>La balanza de ba\u00f1o Color es un dispositivo vers\u00e1til dise\u00f1ado para proporcionar mediciones precisas de peso en el entorno del ba\u00f1o. Con una capacidad de hasta 180 kg, esta balanza es adecuada para uso dom\u00e9stico.<\/p>\n\n\n\n<p>Adem\u00e1s de la funci\u00f3n de peso, esta balanza podr\u00eda incluir la capacidad de medir la temperatura ambiente, brindando informaci\u00f3n adicional en una sola unidad. Algunas balanzas de ba\u00f1o modernas tambi\u00e9n pueden contar con funciones adicionales, como conectividad Bluetooth para sincronizar datos con aplicaciones m\u00f3viles, pantallas iluminadas o memoria para almacenar registros de peso anteriores.<\/p>\n\n\n\n<p>Balanza de ban\u0303o Color<br>180kg con Temperatura<br>C\u00f3d: 22031<\/p>\n\n\n\n<h3 class=\"wp-block-heading has-vivid-cyan-blue-color has-text-color\" id=\"block-70155dbb-3da7-4608-9c44-f2ccfcba4a2e\">Caracter\u00edsticas generales<\/h3>\n\n\n\n<figure class=\"wp-block-table\"><table><tbody><tr><td><strong>Marca<\/strong><\/td><td>Balanza de ban\u0303o<\/td><\/tr><tr><td><strong>Modelo <\/strong><\/td><td>Balanza de ban\u0303o<\/td><\/tr><tr><td><strong>Color<\/strong><\/td><td>Negro<\/td><\/tr><tr><td><strong>Capacidad M\u00e1xima <\/strong><\/td><td>180kg<\/td><\/tr><\/tbody><\/table><\/figure>\n\n\n\n<h2 class=\"wp-block-heading has-vivid-cyan-blue-color has-text-color\" id=\"block-89e85515-54bf-4f59-bf51-ece50ebe6760\">Dimensiones y peso<\/h2>\n\n\n\n<p id=\"block-b2da6780-66ec-4e96-9804-4c1bb6c309a2\">Largo:&nbsp;0 cm<\/p>\n\n\n\n<p id=\"block-dbc5f226-0183-4aa0-b99a-c9c90c4c3185\">Ancho: 0 cm<\/p>\n","protected":false},"excerpt":{"rendered":"<p>C\u00f3d: 22031<br \/>180kg con Temperatura<br \/>Disponible en varios colores<\/p>\n","protected":false},"featured_media":2251,"comment_status":"open","ping_status":"closed","template":"","meta":{"om_disable_all_campaigns":false,"_uag_custom_page_level_css":"","_monsterinsights_skip_tracking":false,"_monsterinsights_sitenote_active":false,"_monsterinsights_sitenote_note":"","_monsterinsights_sitenote_category":0},"product_cat":[29],"product_tag":[135],"class_list":{"0":"post-2250","1":"product","2":"type-product","3":"status-publish","4":"has-post-thumbnail","6":"product_cat-electrodomesticos","7":"product_tag-electrodomesticos-varios","9":"first","10":"instock","11":"shipping-taxable","12":"purchasable","13":"product-type-simple"},"aioseo_notices":[],"jetpack_sharing_enabled":true,"uagb_featured_image_src":{"full":["https:\/\/quasarhomecenter.com\/wp-content\/uploads\/2023\/10\/image-removebg-preview-37-1.png",433,427,false],"thumbnail":["https:\/\/quasarhomecenter.com\/wp-content\/uploads\/2023\/10\/image-removebg-preview-37-1-150x150.png",150,150,true],"medium":["https:\/\/quasarhomecenter.com\/wp-content\/uploads\/2023\/10\/image-removebg-preview-37-1-300x296.png",300,296,true],"medium_large":["https:\/\/quasarhomecenter.com\/wp-content\/uploads\/2023\/10\/image-removebg-preview-37-1.png",433,427,false],"large":["https:\/\/quasarhomecenter.com\/wp-content\/uploads\/2023\/10\/image-removebg-preview-37-1.png",433,427,false],"1536x1536":["https:\/\/quasarhomecenter.com\/wp-content\/uploads\/2023\/10\/image-removebg-preview-37-1.png",433,427,false],"2048x2048":["https:\/\/quasarhomecenter.com\/wp-content\/uploads\/2023\/10\/image-removebg-preview-37-1.png",433,427,false],"mailpoet_newsletter_max":["https:\/\/quasarhomecenter.com\/wp-content\/uploads\/2023\/10\/image-removebg-preview-37-1.png",433,427,false],"woocommerce_thumbnail":["https:\/\/quasarhomecenter.com\/wp-content\/uploads\/2023\/10\/image-removebg-preview-37-1-300x300.png",300,300,true],"woocommerce_single":["https:\/\/quasarhomecenter.com\/wp-content\/uploads\/2023\/10\/image-removebg-preview-37-1.png",433,427,false],"woocommerce_gallery_thumbnail":["https:\/\/quasarhomecenter.com\/wp-content\/uploads\/2023\/10\/image-removebg-preview-37-1-100x100.png",100,100,true]},"uagb_author_info":{"display_name":"quasarhomecenter.com","author_link":"https:\/\/quasarhomecenter.com\/index.php\/author\/"},"uagb_comment_info":0,"uagb_excerpt":"C\u00f3d: 22031180kg con TemperaturaDisponible en varios colores","_links":{"self":[{"href":"https:\/\/quasarhomecenter.com\/index.php\/wp-json\/wp\/v2\/product\/2250","targetHints":{"allow":["GET"]}}],"collection":[{"href":"https:\/\/quasarhomecenter.com\/index.php\/wp-json\/wp\/v2\/product"}],"about":[{"href":"https:\/\/quasarhomecenter.com\/index.php\/wp-json\/wp\/v2\/types\/product"}],"replies":[{"embeddable":true,"href":"https:\/\/quasarhomecenter.com\/index.php\/wp-json\/wp\/v2\/comments?post=2250"}],"wp:featuredmedia":[{"embeddable":true,"href":"https:\/\/quasarhomecenter.com\/index.php\/wp-json\/wp\/v2\/media\/2251"}],"wp:attachment":[{"href":"https:\/\/quasarhomecenter.com\/index.php\/wp-json\/wp\/v2\/media?parent=2250"}],"wp:term":[{"taxonomy":"product_cat","embeddable":true,"href":"https:\/\/quasarhomecenter.com\/index.php\/wp-json\/wp\/v2\/product_cat?post=2250"},{"taxonomy":"product_tag","embeddable":true,"href":"https:\/\/quasarhomecenter.com\/index.php\/wp-json\/wp\/v2\/product_tag?post=2250"}],"curies":[{"name":"wp","href":"https:\/\/api.w.org\/{rel}","templated":true}]}}