{"id":2347,"date":"2023-10-26T17:31:45","date_gmt":"2023-10-26T20:31:45","guid":{"rendered":"https:\/\/quasarhomecenter.com\/?post_type=product&#038;p=2347"},"modified":"2023-12-01T09:51:17","modified_gmt":"2023-12-01T12:51:17","slug":"convector-continuo-con-turbo","status":"publish","type":"product","link":"https:\/\/quasarhomecenter.com\/index.php\/product\/convector-continuo-con-turbo\/","title":{"rendered":"Convector Continuo con Turbo"},"content":{"rendered":"\n<h2 class=\"wp-block-heading has-vivid-cyan-blue-color has-text-color\" id=\"block-0add8837-9e3e-4289-8d18-501695ad721a\"><br>Caracter\u00edsticas destacadas<\/h2>\n\n\n\n<p>El convector continuo con turbo es una estufa convectora dise\u00f1ada para ofrecer un calor constante y eficiente, con la adici\u00f3n de una funci\u00f3n turbo para un rendimiento de calefacci\u00f3n a\u00fan m\u00e1s potente. Con un termostato variable, los usuarios pueden ajustar la temperatura seg\u00fan sus preferencias, proporcionando un control preciso sobre el ambiente t\u00e9rmico.<\/p>\n\n\n\n<p>La estufa cuenta con protecci\u00f3n contra sobrecalentamiento, lo que garantiza un funcionamiento seguro al evitar temperaturas excesivas. Adem\u00e1s, incorpora un corte t\u00e9rmico de seguridad autom\u00e1tico para proporcionar tranquilidad adicional en caso de condiciones inseguras.<\/p>\n\n\n\n<p>Convector Continuo con Turbo<br>Estufa convector calor continuo<br>Termostato variable con protecci\u00f3n<br>Protecci\u00f3n contra sobrecalentamiento<br>Corte t\u00e9rmico de seguridad autom\u00e1tico<br>Rendimiento de calor continuo<br>Protecci\u00f3n anti-vuelco<br>Garant\u00eda 1 a\u00f1o<br>C\u00f3digo: 11728<\/p>\n\n\n\n<h3 class=\"wp-block-heading has-vivid-cyan-blue-color has-text-color\" id=\"block-132793cc-df15-4ab8-9b39-2ec56def5dff\">Caracter\u00edsticas generales<\/h3>\n\n\n\n<figure class=\"wp-block-table\"><table><tbody><tr><td><strong>Marca<\/strong><\/td><td>Convector Continuo con Turbo<\/td><\/tr><tr><td><strong>Modelo<\/strong><\/td><td>Convector Continuo con Turbo<\/td><\/tr><tr><td><strong>Color<\/strong><\/td><td>Blanco<\/td><\/tr><tr><td><strong>Voltaje<\/strong><\/td><td>220v<\/td><\/tr><tr><td><strong>Potencia M\u00e1xima<\/strong><\/td><td>2000W<\/td><\/tr><tr><td><strong>Niveles de Calor<\/strong><\/td><td>750\/1250\/2000<\/td><\/tr><\/tbody><\/table><\/figure>\n\n\n\n<h2 class=\"wp-block-heading has-vivid-cyan-blue-color has-text-color\" id=\"block-c6c0ae77-9f77-4803-9e56-6e84333276eb\">Dimensiones y peso<\/h2>\n\n\n\n<p id=\"block-074f2f47-cb30-4814-af35-9a1ca872bcef\">Largo:&nbsp;48 cm<\/p>\n\n\n\n<p id=\"block-31bab512-bc78-4b5b-b0c5-59359ed79ae2\">Ancho: 70,5 cm<\/p>\n\n\n\n<p id=\"block-5ce78adb-cab1-47cc-9943-abcd3b5261ec\">Alto: 18,5 cm<\/p>\n","protected":false},"excerpt":{"rendered":"<p>Estufa convector calor continuo<br \/>3 niveles de calor: 750 \/ 1250 \/ 2000W<br \/>Termostato variable con protecci\u00f3n<br \/>Protecci\u00f3n contra sobrecalentamiento<br \/>Corte t\u00e9rmico de seguridad autom\u00e1tico<br \/>Rendimiento de calor continuo<br \/>Protecci\u00f3n anti-vuelco<br \/>Medidas: 48&#215;70.5&#215;18.5cm.<br \/>Garant\u00eda 1 a\u00f1o<br \/>C\u00f3digo: 11728<\/p>\n","protected":false},"featured_media":2348,"comment_status":"open","ping_status":"closed","template":"","meta":{"om_disable_all_campaigns":false,"_uag_custom_page_level_css":"","_monsterinsights_skip_tracking":false,"_monsterinsights_sitenote_active":false,"_monsterinsights_sitenote_note":"","_monsterinsights_sitenote_category":0},"product_cat":[29],"product_tag":[133],"class_list":{"0":"post-2347","1":"product","2":"type-product","3":"status-publish","4":"has-post-thumbnail","6":"product_cat-electrodomesticos","7":"product_tag-ventilacion","9":"first","10":"instock","11":"shipping-taxable","12":"purchasable","13":"product-type-simple"},"aioseo_notices":[],"jetpack_sharing_enabled":true,"uagb_featured_image_src":{"full":["https:\/\/quasarhomecenter.com\/wp-content\/uploads\/2023\/10\/image-removebg-preview-69.png",546,453,false],"thumbnail":["https:\/\/quasarhomecenter.com\/wp-content\/uploads\/2023\/10\/image-removebg-preview-69-150x150.png",150,150,true],"medium":["https:\/\/quasarhomecenter.com\/wp-content\/uploads\/2023\/10\/image-removebg-preview-69-300x249.png",300,249,true],"medium_large":["https:\/\/quasarhomecenter.com\/wp-content\/uploads\/2023\/10\/image-removebg-preview-69.png",546,453,false],"large":["https:\/\/quasarhomecenter.com\/wp-content\/uploads\/2023\/10\/image-removebg-preview-69.png",546,453,false],"1536x1536":["https:\/\/quasarhomecenter.com\/wp-content\/uploads\/2023\/10\/image-removebg-preview-69.png",546,453,false],"2048x2048":["https:\/\/quasarhomecenter.com\/wp-content\/uploads\/2023\/10\/image-removebg-preview-69.png",546,453,false],"mailpoet_newsletter_max":["https:\/\/quasarhomecenter.com\/wp-content\/uploads\/2023\/10\/image-removebg-preview-69.png",546,453,false],"woocommerce_thumbnail":["https:\/\/quasarhomecenter.com\/wp-content\/uploads\/2023\/10\/image-removebg-preview-69-300x300.png",300,300,true],"woocommerce_single":["https:\/\/quasarhomecenter.com\/wp-content\/uploads\/2023\/10\/image-removebg-preview-69.png",546,453,false],"woocommerce_gallery_thumbnail":["https:\/\/quasarhomecenter.com\/wp-content\/uploads\/2023\/10\/image-removebg-preview-69-100x100.png",100,100,true]},"uagb_author_info":{"display_name":"quasarhomecenter.com","author_link":"https:\/\/quasarhomecenter.com\/index.php\/author\/"},"uagb_comment_info":0,"uagb_excerpt":"Estufa convector calor continuo3 niveles de calor: 750 \/ 1250 \/ 2000WTermostato variable con protecci\u00f3nProtecci\u00f3n contra sobrecalentamientoCorte t\u00e9rmico de seguridad autom\u00e1ticoRendimiento de calor continuoProtecci\u00f3n anti-vuelcoMedidas: 48x70.5x18.5cm.Garant\u00eda 1 a\u00f1oC\u00f3digo: 11728","_links":{"self":[{"href":"https:\/\/quasarhomecenter.com\/index.php\/wp-json\/wp\/v2\/product\/2347","targetHints":{"allow":["GET"]}}],"collection":[{"href":"https:\/\/quasarhomecenter.com\/index.php\/wp-json\/wp\/v2\/product"}],"about":[{"href":"https:\/\/quasarhomecenter.com\/index.php\/wp-json\/wp\/v2\/types\/product"}],"replies":[{"embeddable":true,"href":"https:\/\/quasarhomecenter.com\/index.php\/wp-json\/wp\/v2\/comments?post=2347"}],"wp:featuredmedia":[{"embeddable":true,"href":"https:\/\/quasarhomecenter.com\/index.php\/wp-json\/wp\/v2\/media\/2348"}],"wp:attachment":[{"href":"https:\/\/quasarhomecenter.com\/index.php\/wp-json\/wp\/v2\/media?parent=2347"}],"wp:term":[{"taxonomy":"product_cat","embeddable":true,"href":"https:\/\/quasarhomecenter.com\/index.php\/wp-json\/wp\/v2\/product_cat?post=2347"},{"taxonomy":"product_tag","embeddable":true,"href":"https:\/\/quasarhomecenter.com\/index.php\/wp-json\/wp\/v2\/product_tag?post=2347"}],"curies":[{"name":"wp","href":"https:\/\/api.w.org\/{rel}","templated":true}]}}