{"id":2372,"date":"2023-10-26T18:01:29","date_gmt":"2023-10-26T21:01:29","guid":{"rendered":"https:\/\/quasarhomecenter.com\/?post_type=product&#038;p=2372"},"modified":"2023-12-01T11:26:47","modified_gmt":"2023-12-01T14:26:47","slug":"telefono-panaphone","status":"publish","type":"product","link":"https:\/\/quasarhomecenter.com\/index.php\/product\/telefono-panaphone\/","title":{"rendered":"Tel\u00e9fono Panaphone"},"content":{"rendered":"\n<h2 class=\"wp-block-heading has-vivid-cyan-blue-color has-text-color\" id=\"block-199b68fd-5011-407b-ab3a-fcec35e4be3b\">Caracter\u00edsticas destacadas<\/h2>\n\n\n\n<p id=\"block-7dd233f1-c277-4630-bbd1-c7ca41a56661\">El tel\u00e9fono SENDTEL modelo TFA mov es un dispositivo m\u00f3vil que combina funcionalidad y movilidad. Este tel\u00e9fono posiblemente ofrece caracter\u00edsticas modernas, como conectividad inal\u00e1mbrica, acceso a aplicaciones, c\u00e1mara integrada y una interfaz f\u00e1cil de usar. Su dise\u00f1o y tama\u00f1o sugieren que est\u00e1 dise\u00f1ado para ser port\u00e1til y conveniente para el uso diario.<\/p>\n\n\n\n<p>Tel\u00e9fono Panaphone<br>Modelo: KXT-3014<br>C\u00f3digo: 18305<\/p>\n\n\n\n<h3 class=\"wp-block-heading has-vivid-cyan-blue-color has-text-color\" id=\"block-0911cbf5-a1b0-495d-82e2-2bf3300b3caf\">Caracter\u00edsticas generales<\/h3>\n\n\n\n<figure class=\"wp-block-table\"><table><tbody><tr><td><strong>Marca<\/strong><\/td><td>Panaphone<\/td><\/tr><tr><td><strong>Modelo<\/strong><\/td><td>KXT-3014<\/td><\/tr><tr><td><strong>Tipo de Pantalla<\/strong><\/td><td>Digital<\/td><\/tr><tr><td><strong>Color<\/strong><\/td><td>Negro<\/td><\/tr><tr><td><strong>Montable en Pared<\/strong><\/td><td>Si<\/td><\/tr><\/tbody><\/table><\/figure>\n\n\n\n<h2 class=\"wp-block-heading has-vivid-cyan-blue-color has-text-color\" id=\"block-2e2cd76a-f543-4910-82ea-9f5e2a42accd\">Dimensiones y peso<\/h2>\n\n\n\n<p id=\"block-58263964-1464-437c-99ef-f9bc7e1e2d92\">Largo:&nbsp; cm<\/p>\n\n\n\n<p id=\"block-dc64588f-6050-42e8-9a63-b91cda4b86e9\">Ancho: cm<\/p>\n\n\n\n<p id=\"block-718cd6a7-04a9-4e41-b468-06944dc8d3a5\">Alto: cm<\/p>\n","protected":false},"excerpt":{"rendered":"<p>Modelo: KXT-3014<br \/>C\u00f3digo: 18305<\/p>\n","protected":false},"featured_media":2373,"comment_status":"open","ping_status":"closed","template":"","meta":{"om_disable_all_campaigns":false,"_uag_custom_page_level_css":"","_monsterinsights_skip_tracking":false,"_monsterinsights_sitenote_active":false,"_monsterinsights_sitenote_note":"","_monsterinsights_sitenote_category":0},"product_cat":[29],"product_tag":[68],"class_list":{"0":"post-2372","1":"product","2":"type-product","3":"status-publish","4":"has-post-thumbnail","6":"product_cat-electrodomesticos","7":"product_tag-telefonos","9":"first","10":"instock","11":"shipping-taxable","12":"purchasable","13":"product-type-simple"},"aioseo_notices":[],"jetpack_sharing_enabled":true,"uagb_featured_image_src":{"full":["https:\/\/quasarhomecenter.com\/wp-content\/uploads\/2023\/10\/image-removebg-preview-81.png",337,540,false],"thumbnail":["https:\/\/quasarhomecenter.com\/wp-content\/uploads\/2023\/10\/image-removebg-preview-81-150x150.png",150,150,true],"medium":["https:\/\/quasarhomecenter.com\/wp-content\/uploads\/2023\/10\/image-removebg-preview-81-187x300.png",187,300,true],"medium_large":["https:\/\/quasarhomecenter.com\/wp-content\/uploads\/2023\/10\/image-removebg-preview-81.png",337,540,false],"large":["https:\/\/quasarhomecenter.com\/wp-content\/uploads\/2023\/10\/image-removebg-preview-81.png",337,540,false],"1536x1536":["https:\/\/quasarhomecenter.com\/wp-content\/uploads\/2023\/10\/image-removebg-preview-81.png",337,540,false],"2048x2048":["https:\/\/quasarhomecenter.com\/wp-content\/uploads\/2023\/10\/image-removebg-preview-81.png",337,540,false],"mailpoet_newsletter_max":["https:\/\/quasarhomecenter.com\/wp-content\/uploads\/2023\/10\/image-removebg-preview-81.png",337,540,false],"woocommerce_thumbnail":["https:\/\/quasarhomecenter.com\/wp-content\/uploads\/2023\/10\/image-removebg-preview-81-300x300.png",300,300,true],"woocommerce_single":["https:\/\/quasarhomecenter.com\/wp-content\/uploads\/2023\/10\/image-removebg-preview-81.png",337,540,false],"woocommerce_gallery_thumbnail":["https:\/\/quasarhomecenter.com\/wp-content\/uploads\/2023\/10\/image-removebg-preview-81-100x100.png",100,100,true]},"uagb_author_info":{"display_name":"quasarhomecenter.com","author_link":"https:\/\/quasarhomecenter.com\/index.php\/author\/"},"uagb_comment_info":0,"uagb_excerpt":"Modelo: KXT-3014C\u00f3digo: 18305","_links":{"self":[{"href":"https:\/\/quasarhomecenter.com\/index.php\/wp-json\/wp\/v2\/product\/2372","targetHints":{"allow":["GET"]}}],"collection":[{"href":"https:\/\/quasarhomecenter.com\/index.php\/wp-json\/wp\/v2\/product"}],"about":[{"href":"https:\/\/quasarhomecenter.com\/index.php\/wp-json\/wp\/v2\/types\/product"}],"replies":[{"embeddable":true,"href":"https:\/\/quasarhomecenter.com\/index.php\/wp-json\/wp\/v2\/comments?post=2372"}],"wp:featuredmedia":[{"embeddable":true,"href":"https:\/\/quasarhomecenter.com\/index.php\/wp-json\/wp\/v2\/media\/2373"}],"wp:attachment":[{"href":"https:\/\/quasarhomecenter.com\/index.php\/wp-json\/wp\/v2\/media?parent=2372"}],"wp:term":[{"taxonomy":"product_cat","embeddable":true,"href":"https:\/\/quasarhomecenter.com\/index.php\/wp-json\/wp\/v2\/product_cat?post=2372"},{"taxonomy":"product_tag","embeddable":true,"href":"https:\/\/quasarhomecenter.com\/index.php\/wp-json\/wp\/v2\/product_tag?post=2372"}],"curies":[{"name":"wp","href":"https:\/\/api.w.org\/{rel}","templated":true}]}}