{"id":2380,"date":"2023-10-26T18:10:03","date_gmt":"2023-10-26T21:10:03","guid":{"rendered":"https:\/\/quasarhomecenter.com\/?post_type=product&#038;p=2380"},"modified":"2023-12-01T11:38:59","modified_gmt":"2023-12-01T14:38:59","slug":"telefono-callerid-3","status":"publish","type":"product","link":"https:\/\/quasarhomecenter.com\/index.php\/product\/telefono-callerid-3\/","title":{"rendered":"Tel\u00e9fono CallerID"},"content":{"rendered":"\n<h2 class=\"wp-block-heading has-vivid-cyan-blue-color has-text-color\" id=\"block-6b1430cd-e841-4380-93f9-6806c188e65d\"><br>Caracter\u00edsticas destacadas<\/h2>\n\n\n\n<p id=\"block-fc26a414-98c8-43dc-b6b0-eee5cd2fc504\">El tel\u00e9fono CallerID modelo KXT 3685 es un dispositivo de comunicaci\u00f3n que integra la funcionalidad de identificaci\u00f3n de llamadas (CallerID). Este tel\u00e9fono posiblemente ofrece caracter\u00edsticas est\u00e1ndar de telefon\u00eda, como realizar y recibir llamadas, y destaca por la capacidad adicional de mostrar informaci\u00f3n detallada sobre las llamadas entrantes en una pantalla integrada.<\/p>\n\n\n\n<p>Tel\u00e9fono CallerID<br>Modelo KXT 3685<br>C\u00f3digo 10357<\/p>\n\n\n\n<h3 class=\"wp-block-heading has-vivid-cyan-blue-color has-text-color\" id=\"block-c718d145-3395-412b-8619-f3c3b1b80ad3\">Caracter\u00edsticas generales<\/h3>\n\n\n\n<figure class=\"wp-block-table\"><table><tbody><tr><td><strong>Marca<\/strong><\/td><td>CallerID<\/td><\/tr><tr><td><strong>Modelo<\/strong><\/td><td>KXT 3685<\/td><\/tr><tr><td><strong>Tipo de Pantalla<\/strong><\/td><td>Digital<\/td><\/tr><tr><td><strong>Color<\/strong><\/td><td>Negro<\/td><\/tr><tr><td><strong>Montable en Pared<\/strong><\/td><td>Si<\/td><\/tr><\/tbody><\/table><\/figure>\n\n\n\n<h2 class=\"wp-block-heading has-vivid-cyan-blue-color has-text-color\" id=\"block-92cea7ee-846e-46f1-91b9-9322fd9fd371\">Dimensiones y peso<\/h2>\n\n\n\n<p id=\"block-ec0cc782-14f7-4497-a28b-fde947e67397\">Largo:&nbsp; cm<\/p>\n\n\n\n<p id=\"block-8c9e352c-d3ae-4813-8aaf-e4b8fdb38534\">Ancho: cm<\/p>\n\n\n\n<p id=\"block-d8bbfd59-9448-4a8a-9f07-59b06513bd4a\">Alto: cm<\/p>\n","protected":false},"excerpt":{"rendered":"<p>Modelo KXT 3685<br \/>C\u00f3digo 10357<\/p>\n","protected":false},"featured_media":2381,"comment_status":"open","ping_status":"closed","template":"","meta":{"om_disable_all_campaigns":false,"_uag_custom_page_level_css":"","_monsterinsights_skip_tracking":false,"_monsterinsights_sitenote_active":false,"_monsterinsights_sitenote_note":"","_monsterinsights_sitenote_category":0},"product_cat":[29],"product_tag":[68],"class_list":{"0":"post-2380","1":"product","2":"type-product","3":"status-publish","4":"has-post-thumbnail","6":"product_cat-electrodomesticos","7":"product_tag-telefonos","9":"first","10":"instock","11":"shipping-taxable","12":"purchasable","13":"product-type-simple"},"aioseo_notices":[],"jetpack_sharing_enabled":true,"uagb_featured_image_src":{"full":["https:\/\/quasarhomecenter.com\/wp-content\/uploads\/2023\/10\/image-removebg-preview-86.png",232,190,false],"thumbnail":["https:\/\/quasarhomecenter.com\/wp-content\/uploads\/2023\/10\/image-removebg-preview-86-150x150.png",150,150,true],"medium":["https:\/\/quasarhomecenter.com\/wp-content\/uploads\/2023\/10\/image-removebg-preview-86.png",232,190,false],"medium_large":["https:\/\/quasarhomecenter.com\/wp-content\/uploads\/2023\/10\/image-removebg-preview-86.png",232,190,false],"large":["https:\/\/quasarhomecenter.com\/wp-content\/uploads\/2023\/10\/image-removebg-preview-86.png",232,190,false],"1536x1536":["https:\/\/quasarhomecenter.com\/wp-content\/uploads\/2023\/10\/image-removebg-preview-86.png",232,190,false],"2048x2048":["https:\/\/quasarhomecenter.com\/wp-content\/uploads\/2023\/10\/image-removebg-preview-86.png",232,190,false],"mailpoet_newsletter_max":["https:\/\/quasarhomecenter.com\/wp-content\/uploads\/2023\/10\/image-removebg-preview-86.png",232,190,false],"woocommerce_thumbnail":["https:\/\/quasarhomecenter.com\/wp-content\/uploads\/2023\/10\/image-removebg-preview-86.png",232,190,false],"woocommerce_single":["https:\/\/quasarhomecenter.com\/wp-content\/uploads\/2023\/10\/image-removebg-preview-86.png",232,190,false],"woocommerce_gallery_thumbnail":["https:\/\/quasarhomecenter.com\/wp-content\/uploads\/2023\/10\/image-removebg-preview-86-100x100.png",100,100,true]},"uagb_author_info":{"display_name":"quasarhomecenter.com","author_link":"https:\/\/quasarhomecenter.com\/index.php\/author\/"},"uagb_comment_info":0,"uagb_excerpt":"Modelo KXT 3685C\u00f3digo 10357","_links":{"self":[{"href":"https:\/\/quasarhomecenter.com\/index.php\/wp-json\/wp\/v2\/product\/2380","targetHints":{"allow":["GET"]}}],"collection":[{"href":"https:\/\/quasarhomecenter.com\/index.php\/wp-json\/wp\/v2\/product"}],"about":[{"href":"https:\/\/quasarhomecenter.com\/index.php\/wp-json\/wp\/v2\/types\/product"}],"replies":[{"embeddable":true,"href":"https:\/\/quasarhomecenter.com\/index.php\/wp-json\/wp\/v2\/comments?post=2380"}],"wp:featuredmedia":[{"embeddable":true,"href":"https:\/\/quasarhomecenter.com\/index.php\/wp-json\/wp\/v2\/media\/2381"}],"wp:attachment":[{"href":"https:\/\/quasarhomecenter.com\/index.php\/wp-json\/wp\/v2\/media?parent=2380"}],"wp:term":[{"taxonomy":"product_cat","embeddable":true,"href":"https:\/\/quasarhomecenter.com\/index.php\/wp-json\/wp\/v2\/product_cat?post=2380"},{"taxonomy":"product_tag","embeddable":true,"href":"https:\/\/quasarhomecenter.com\/index.php\/wp-json\/wp\/v2\/product_tag?post=2380"}],"curies":[{"name":"wp","href":"https:\/\/api.w.org\/{rel}","templated":true}]}}