{"id":2427,"date":"2023-10-27T14:57:43","date_gmt":"2023-10-27T17:57:43","guid":{"rendered":"https:\/\/quasarhomecenter.com\/?post_type=product&#038;p=2427"},"modified":"2023-12-06T09:18:07","modified_gmt":"2023-12-06T12:18:07","slug":"modelador","status":"publish","type":"product","link":"https:\/\/quasarhomecenter.com\/index.php\/product\/modelador\/","title":{"rendered":"Modelador"},"content":{"rendered":"\n<h2 class=\"wp-block-heading has-vivid-cyan-blue-color has-text-color\" id=\"block-3a9080b2-dffc-43b8-9fea-1a00003cc49b\">Caracter\u00edsticas destacadas<\/h2>\n\n\n\n<p id=\"block-5cb2ad84-05cc-44a4-9b3d-939ae6e1dd79\">El modelador corporal con 3 cabezales el\u00e9ctricos es un dispositivo dise\u00f1ado para proporcionar versatilidad en la atenci\u00f3n del cuerpo. Su dise\u00f1o el\u00e9ctrico con 3 cabezales intercambiables facilita la aplicaci\u00f3n en diferentes \u00e1reas corporales. Con un dise\u00f1o ergon\u00f3mico, velocidades ajustables y posiblemente apto para uso en seco y h\u00famedo, este modelador ofrece comodidad y flexibilidad en el cuidado y modelado del cuerpo seg\u00fan las preferencias individuales.<\/p>\n\n\n\n<p id=\"block-12688d40-942f-4d7a-83e2-5723e3e1421a\">Modelador<br>3 Cabezales \/ El\u00e9ctrico<br>C\u00f3digo 1007<\/p>\n\n\n\n<h3 class=\"wp-block-heading has-vivid-cyan-blue-color has-text-color\" id=\"block-2ab28e0d-74e5-4200-8d6d-9b1e65670c5d\">Caracter\u00edsticas generales<\/h3>\n\n\n\n<figure class=\"wp-block-table\"><table><tbody><tr><td><strong>Marca<\/strong><\/td><td>Modelador<\/td><\/tr><tr><td><strong>Modelo<\/strong><\/td><td>Modelador<\/td><\/tr><tr><td><strong>Color<\/strong><\/td><td>Blanco y Violeta<\/td><\/tr><tr><td><strong>Voltaje<\/strong><\/td><td>220v<\/td><\/tr><tr><td><strong>Potencia<\/strong><\/td><td>\ufeff<\/td><\/tr><\/tbody><\/table><\/figure>\n\n\n\n<p>\ufeff<\/p>\n\n\n\n<h2 class=\"wp-block-heading has-vivid-cyan-blue-color has-text-color\" id=\"block-08210355-2818-4ff4-8c4a-3123e6fa1e8e\">Dimensiones y peso<\/h2>\n\n\n\n<p id=\"block-0191b118-5fc3-432d-8530-3847ee6c87b5\">Largo:&nbsp; cm<\/p>\n\n\n\n<p id=\"block-0e38a922-2e51-415d-9abf-86abdbb2a8f1\">Ancho: cm<\/p>\n\n\n\n<p id=\"block-8cc98003-d57a-40e3-b79b-d566dc07c93a\">Alto: cm<\/p>\n","protected":false},"excerpt":{"rendered":"<p>3 Cabezales \/ El\u00e9ctrico<br \/>C\u00f3digo 10073<\/p>\n","protected":false},"featured_media":2428,"comment_status":"open","ping_status":"closed","template":"","meta":{"om_disable_all_campaigns":false,"_uag_custom_page_level_css":"","_monsterinsights_skip_tracking":false,"_monsterinsights_sitenote_active":false,"_monsterinsights_sitenote_note":"","_monsterinsights_sitenote_category":0},"product_cat":[29],"product_tag":[69],"class_list":{"0":"post-2427","1":"product","2":"type-product","3":"status-publish","4":"has-post-thumbnail","6":"product_cat-electrodomesticos","7":"product_tag-cuidado-personal","9":"first","10":"instock","11":"shipping-taxable","12":"purchasable","13":"product-type-simple"},"aioseo_notices":[],"jetpack_sharing_enabled":true,"uagb_featured_image_src":{"full":["https:\/\/quasarhomecenter.com\/wp-content\/uploads\/2023\/10\/image-removebg-preview-2-2.png",215,162,false],"thumbnail":["https:\/\/quasarhomecenter.com\/wp-content\/uploads\/2023\/10\/image-removebg-preview-2-2-150x150.png",150,150,true],"medium":["https:\/\/quasarhomecenter.com\/wp-content\/uploads\/2023\/10\/image-removebg-preview-2-2.png",215,162,false],"medium_large":["https:\/\/quasarhomecenter.com\/wp-content\/uploads\/2023\/10\/image-removebg-preview-2-2.png",215,162,false],"large":["https:\/\/quasarhomecenter.com\/wp-content\/uploads\/2023\/10\/image-removebg-preview-2-2.png",215,162,false],"1536x1536":["https:\/\/quasarhomecenter.com\/wp-content\/uploads\/2023\/10\/image-removebg-preview-2-2.png",215,162,false],"2048x2048":["https:\/\/quasarhomecenter.com\/wp-content\/uploads\/2023\/10\/image-removebg-preview-2-2.png",215,162,false],"mailpoet_newsletter_max":["https:\/\/quasarhomecenter.com\/wp-content\/uploads\/2023\/10\/image-removebg-preview-2-2.png",215,162,false],"woocommerce_thumbnail":["https:\/\/quasarhomecenter.com\/wp-content\/uploads\/2023\/10\/image-removebg-preview-2-2.png",215,162,false],"woocommerce_single":["https:\/\/quasarhomecenter.com\/wp-content\/uploads\/2023\/10\/image-removebg-preview-2-2.png",215,162,false],"woocommerce_gallery_thumbnail":["https:\/\/quasarhomecenter.com\/wp-content\/uploads\/2023\/10\/image-removebg-preview-2-2-100x100.png",100,100,true]},"uagb_author_info":{"display_name":"quasarhomecenter.com","author_link":"https:\/\/quasarhomecenter.com\/index.php\/author\/"},"uagb_comment_info":0,"uagb_excerpt":"3 Cabezales \/ El\u00e9ctricoC\u00f3digo 10073","_links":{"self":[{"href":"https:\/\/quasarhomecenter.com\/index.php\/wp-json\/wp\/v2\/product\/2427","targetHints":{"allow":["GET"]}}],"collection":[{"href":"https:\/\/quasarhomecenter.com\/index.php\/wp-json\/wp\/v2\/product"}],"about":[{"href":"https:\/\/quasarhomecenter.com\/index.php\/wp-json\/wp\/v2\/types\/product"}],"replies":[{"embeddable":true,"href":"https:\/\/quasarhomecenter.com\/index.php\/wp-json\/wp\/v2\/comments?post=2427"}],"wp:featuredmedia":[{"embeddable":true,"href":"https:\/\/quasarhomecenter.com\/index.php\/wp-json\/wp\/v2\/media\/2428"}],"wp:attachment":[{"href":"https:\/\/quasarhomecenter.com\/index.php\/wp-json\/wp\/v2\/media?parent=2427"}],"wp:term":[{"taxonomy":"product_cat","embeddable":true,"href":"https:\/\/quasarhomecenter.com\/index.php\/wp-json\/wp\/v2\/product_cat?post=2427"},{"taxonomy":"product_tag","embeddable":true,"href":"https:\/\/quasarhomecenter.com\/index.php\/wp-json\/wp\/v2\/product_tag?post=2427"}],"curies":[{"name":"wp","href":"https:\/\/api.w.org\/{rel}","templated":true}]}}