{"id":2843,"date":"2023-11-01T17:17:32","date_gmt":"2023-11-01T20:17:32","guid":{"rendered":"https:\/\/quasarhomecenter.com\/?post_type=product&#038;p=2843"},"modified":"2023-12-07T09:21:03","modified_gmt":"2023-12-07T12:21:03","slug":"4-niveles","status":"publish","type":"product","link":"https:\/\/quasarhomecenter.com\/index.php\/product\/4-niveles\/","title":{"rendered":"4 Niveles"},"content":{"rendered":"\n<h2 class=\"wp-block-heading has-vivid-cyan-blue-color has-text-color\" id=\"block-c5cd919b-f49a-4dc0-a209-c35ab9348a9e\">Caracter\u00edsticas destacadas<\/h2>\n\n\n\n<p id=\"block-8f98821d-4719-4cb2-98d4-5b637de3f492\">La biblioteca de 4 niveles, modelo 9660, presenta un dise\u00f1o compacto y funcional con dimensiones de 63x30x122 cm. Este mueble ofrece una soluci\u00f3n eficiente para organizar y exhibir tus libros u objetos decorativos. Su estructura de cuatro niveles proporciona amplitud en el espacio de almacenamiento, permiti\u00e9ndote organizar tus pertenencias de manera ordenada. La combinaci\u00f3n de dimensiones pr\u00e1cticas y el c\u00f3digo identificador 9660 hacen que esta biblioteca sea una opci\u00f3n vers\u00e1til y estilizada para mejorar la organizaci\u00f3n y la est\u00e9tica de tu entorno.<\/p>\n\n\n\n<p>4 Niveles<br>Tama\u00f1o 63x30x122cm<br>C\u00f3digo 9660<\/p>\n\n\n\n<h3 class=\"wp-block-heading has-vivid-cyan-blue-color has-text-color\" id=\"block-3832155b-622f-4cfb-8a49-1d555249038a\">Caracter\u00edsticas generales<\/h3>\n\n\n\n<ul class=\"wp-block-list\" id=\"block-bf0dce2b-ad94-40bf-bae9-5df37e68b5ab\"><\/ul>\n\n\n\n<figure class=\"wp-block-table\"><table><tbody><tr><td><strong>Marca<\/strong><\/td><td>Biblioteca<\/td><\/tr><tr><td><strong>Modelo<\/strong><\/td><td>4 Niveles<\/td><\/tr><\/tbody><\/table><\/figure>\n\n\n\n<h3 class=\"wp-block-heading has-vivid-cyan-blue-color has-text-color\" id=\"block-b01d3956-8d51-4761-9bb4-b3d54662f08a\">Especificaciones<\/h3>\n\n\n\n<figure class=\"wp-block-table\"><table><tbody><tr><td><strong>Con ruedas<\/strong><\/td><td>No<\/td><\/tr><tr><td><strong>Con puertas<\/strong><\/td><td>No<\/td><\/tr><tr><td><strong>Requiere ensamblado<\/strong><\/td><td>No<\/td><\/tr><\/tbody><\/table><\/figure>\n\n\n\n<h3 class=\"wp-block-heading has-vivid-cyan-blue-color has-text-color\" id=\"block-5e9b5314-ebfb-48e7-a306-61a7d69b2e76\">Dimensiones:<\/h3>\n\n\n\n<p id=\"block-734c2d74-ca45-43f5-b040-fae7a221ef89\">Tama\u00f1o 63x30x122cm<\/p>\n","protected":false},"excerpt":{"rendered":"<p>Tama\u00f1o 60x30x122 cm<br \/>C\u00f3digo 9660<\/p>\n","protected":false},"featured_media":2844,"comment_status":"open","ping_status":"closed","template":"","meta":{"om_disable_all_campaigns":false,"_uag_custom_page_level_css":"","_monsterinsights_skip_tracking":false,"_monsterinsights_sitenote_active":false,"_monsterinsights_sitenote_note":"","_monsterinsights_sitenote_category":0},"product_cat":[30],"product_tag":[],"class_list":{"0":"post-2843","1":"product","2":"type-product","3":"status-publish","4":"has-post-thumbnail","6":"product_cat-muebleria","8":"first","9":"instock","10":"shipping-taxable","11":"purchasable","12":"product-type-simple"},"aioseo_notices":[],"jetpack_sharing_enabled":true,"uagb_featured_image_src":{"full":["https:\/\/quasarhomecenter.com\/wp-content\/uploads\/2023\/11\/image-removebg-preview-93.png",167,238,false],"thumbnail":["https:\/\/quasarhomecenter.com\/wp-content\/uploads\/2023\/11\/image-removebg-preview-93-150x150.png",150,150,true],"medium":["https:\/\/quasarhomecenter.com\/wp-content\/uploads\/2023\/11\/image-removebg-preview-93.png",167,238,false],"medium_large":["https:\/\/quasarhomecenter.com\/wp-content\/uploads\/2023\/11\/image-removebg-preview-93.png",167,238,false],"large":["https:\/\/quasarhomecenter.com\/wp-content\/uploads\/2023\/11\/image-removebg-preview-93.png",167,238,false],"1536x1536":["https:\/\/quasarhomecenter.com\/wp-content\/uploads\/2023\/11\/image-removebg-preview-93.png",167,238,false],"2048x2048":["https:\/\/quasarhomecenter.com\/wp-content\/uploads\/2023\/11\/image-removebg-preview-93.png",167,238,false],"mailpoet_newsletter_max":["https:\/\/quasarhomecenter.com\/wp-content\/uploads\/2023\/11\/image-removebg-preview-93.png",167,238,false],"woocommerce_thumbnail":["https:\/\/quasarhomecenter.com\/wp-content\/uploads\/2023\/11\/image-removebg-preview-93.png",167,238,false],"woocommerce_single":["https:\/\/quasarhomecenter.com\/wp-content\/uploads\/2023\/11\/image-removebg-preview-93.png",167,238,false],"woocommerce_gallery_thumbnail":["https:\/\/quasarhomecenter.com\/wp-content\/uploads\/2023\/11\/image-removebg-preview-93-100x100.png",100,100,true]},"uagb_author_info":{"display_name":"quasarhomecenter.com","author_link":"https:\/\/quasarhomecenter.com\/index.php\/author\/"},"uagb_comment_info":0,"uagb_excerpt":"Tama\u00f1o 60x30x122 cmC\u00f3digo 9660","_links":{"self":[{"href":"https:\/\/quasarhomecenter.com\/index.php\/wp-json\/wp\/v2\/product\/2843","targetHints":{"allow":["GET"]}}],"collection":[{"href":"https:\/\/quasarhomecenter.com\/index.php\/wp-json\/wp\/v2\/product"}],"about":[{"href":"https:\/\/quasarhomecenter.com\/index.php\/wp-json\/wp\/v2\/types\/product"}],"replies":[{"embeddable":true,"href":"https:\/\/quasarhomecenter.com\/index.php\/wp-json\/wp\/v2\/comments?post=2843"}],"wp:featuredmedia":[{"embeddable":true,"href":"https:\/\/quasarhomecenter.com\/index.php\/wp-json\/wp\/v2\/media\/2844"}],"wp:attachment":[{"href":"https:\/\/quasarhomecenter.com\/index.php\/wp-json\/wp\/v2\/media?parent=2843"}],"wp:term":[{"taxonomy":"product_cat","embeddable":true,"href":"https:\/\/quasarhomecenter.com\/index.php\/wp-json\/wp\/v2\/product_cat?post=2843"},{"taxonomy":"product_tag","embeddable":true,"href":"https:\/\/quasarhomecenter.com\/index.php\/wp-json\/wp\/v2\/product_tag?post=2843"}],"curies":[{"name":"wp","href":"https:\/\/api.w.org\/{rel}","templated":true}]}}