{"id":5156,"date":"2024-03-03T10:39:14","date_gmt":"2024-03-03T13:39:14","guid":{"rendered":"https:\/\/quasarhomecenter.com\/?post_type=product&#038;p=5156"},"modified":"2024-03-03T10:45:24","modified_gmt":"2024-03-03T13:45:24","slug":"regulador-de-filtro-de-aire-comprimido","status":"publish","type":"product","link":"https:\/\/quasarhomecenter.com\/index.php\/product\/regulador-de-filtro-de-aire-comprimido\/","title":{"rendered":"Regulador De Filtro De Aire Comprimido"},"content":{"rendered":"<p>Optimiza el rendimiento de tu equipo neum\u00e1tico con nuestro Regulador de Aire Comprimido. Dise\u00f1ado para ofrecer un control preciso y confiable del flujo de aire, este regulador es esencial para mantener la presi\u00f3n adecuada en tus herramientas y equipos.<br \/>Con su capacidad de ajuste, puedes controlar f\u00e1cilmente la presi\u00f3n del aire para adaptarse a las necesidades espec\u00edficas de tu aplicaci\u00f3n. Ya sea que est\u00e9s utilizando herramientas de pintura, engrasado, o cualquier otra herramienta neum\u00e1tica, este regulador garantiza un funcionamiento suave y eficiente.<br \/>Su construcci\u00f3n duradera y resistente asegura una larga vida \u00fatil, incluso en entornos industriales exigentes. Adem\u00e1s, su dise\u00f1o compacto y f\u00e1cil instalaci\u00f3n lo hacen perfecto para una variedad de aplicaciones en talleres, f\u00e1bricas y garajes.<br \/>Asegura un rendimiento \u00f3ptimo de tu equipo neum\u00e1tico con nuestro Regulador de Aire Comprimido, \u00a1y lleva tus proyectos al siguiente nivel de eficiencia!<\/p>\n","protected":false},"excerpt":{"rendered":"<p>Optimiza el rendimiento de tu equipo neum\u00e1tico con nuestro Regulador de Aire Comprimido. Dise\u00f1ado para ofrecer un control preciso y confiable del flujo de aire, este regulador es esencial para mantener la presi\u00f3n adecuada en tus herramientas y equipos.<br \/>Con su capacidad de ajuste, puedes controlar f\u00e1cilmente la presi\u00f3n del aire para adaptarse a las necesidades espec\u00edficas de tu aplicaci\u00f3n. Ya sea que est\u00e9s utilizando herramientas de pintura, engrasado, o cualquier otra herramienta neum\u00e1tica, este regulador garantiza un funcionamiento suave y eficiente.<br \/>Su construcci\u00f3n duradera y resistente asegura una larga vida \u00fatil, incluso en entornos industriales exigentes. Adem\u00e1s, su dise\u00f1o compacto y f\u00e1cil instalaci\u00f3n lo hacen perfecto para una variedad de aplicaciones en talleres, f\u00e1bricas y garajes.<br \/>Asegura un rendimiento \u00f3ptimo de tu equipo neum\u00e1tico con nuestro Regulador de Aire Comprimido, \u00a1y lleva tus proyectos al siguiente nivel de eficiencia!<\/p>\n","protected":false},"featured_media":5157,"comment_status":"open","ping_status":"closed","template":"","meta":{"om_disable_all_campaigns":false,"_uag_custom_page_level_css":"","_monsterinsights_skip_tracking":false,"_monsterinsights_sitenote_active":false,"_monsterinsights_sitenote_note":"","_monsterinsights_sitenote_category":0},"product_cat":[158],"product_tag":[252],"class_list":{"0":"post-5156","1":"product","2":"type-product","3":"status-publish","4":"has-post-thumbnail","6":"product_cat-mecanico","7":"product_tag-herramientas-mecanico","9":"first","10":"instock","11":"shipping-taxable","12":"purchasable","13":"product-type-simple"},"aioseo_notices":[],"jetpack_sharing_enabled":true,"uagb_featured_image_src":{"full":["https:\/\/quasarhomecenter.com\/wp-content\/uploads\/2024\/03\/23403-Banco-de-datos.png",2500,2500,false],"thumbnail":["https:\/\/quasarhomecenter.com\/wp-content\/uploads\/2024\/03\/23403-Banco-de-datos-150x150.png",150,150,true],"medium":["https:\/\/quasarhomecenter.com\/wp-content\/uploads\/2024\/03\/23403-Banco-de-datos-300x300.png",300,300,true],"medium_large":["https:\/\/quasarhomecenter.com\/wp-content\/uploads\/2024\/03\/23403-Banco-de-datos-768x768.png",768,768,true],"large":["https:\/\/quasarhomecenter.com\/wp-content\/uploads\/2024\/03\/23403-Banco-de-datos-1024x1024.png",1024,1024,true],"1536x1536":["https:\/\/quasarhomecenter.com\/wp-content\/uploads\/2024\/03\/23403-Banco-de-datos-1536x1536.png",1536,1536,true],"2048x2048":["https:\/\/quasarhomecenter.com\/wp-content\/uploads\/2024\/03\/23403-Banco-de-datos-2048x2048.png",2048,2048,true],"mailpoet_newsletter_max":["https:\/\/quasarhomecenter.com\/wp-content\/uploads\/2024\/03\/23403-Banco-de-datos-1320x1320.png",1320,1320,true],"woocommerce_thumbnail":["https:\/\/quasarhomecenter.com\/wp-content\/uploads\/2024\/03\/23403-Banco-de-datos-300x300.png",300,300,true],"woocommerce_single":["https:\/\/quasarhomecenter.com\/wp-content\/uploads\/2024\/03\/23403-Banco-de-datos-600x600.png",600,600,true],"woocommerce_gallery_thumbnail":["https:\/\/quasarhomecenter.com\/wp-content\/uploads\/2024\/03\/23403-Banco-de-datos-100x100.png",100,100,true]},"uagb_author_info":{"display_name":"quasarhomecenter.com","author_link":"https:\/\/quasarhomecenter.com\/index.php\/author\/"},"uagb_comment_info":0,"uagb_excerpt":"Optimiza el rendimiento de tu equipo neum\u00e1tico con nuestro Regulador de Aire Comprimido. Dise\u00f1ado para ofrecer un control preciso y confiable del flujo de aire, este regulador es esencial para mantener la presi\u00f3n adecuada en tus herramientas y equipos.Con su capacidad de ajuste, puedes controlar f\u00e1cilmente la presi\u00f3n del aire para adaptarse a las necesidades&hellip;","_links":{"self":[{"href":"https:\/\/quasarhomecenter.com\/index.php\/wp-json\/wp\/v2\/product\/5156","targetHints":{"allow":["GET"]}}],"collection":[{"href":"https:\/\/quasarhomecenter.com\/index.php\/wp-json\/wp\/v2\/product"}],"about":[{"href":"https:\/\/quasarhomecenter.com\/index.php\/wp-json\/wp\/v2\/types\/product"}],"replies":[{"embeddable":true,"href":"https:\/\/quasarhomecenter.com\/index.php\/wp-json\/wp\/v2\/comments?post=5156"}],"wp:featuredmedia":[{"embeddable":true,"href":"https:\/\/quasarhomecenter.com\/index.php\/wp-json\/wp\/v2\/media\/5157"}],"wp:attachment":[{"href":"https:\/\/quasarhomecenter.com\/index.php\/wp-json\/wp\/v2\/media?parent=5156"}],"wp:term":[{"taxonomy":"product_cat","embeddable":true,"href":"https:\/\/quasarhomecenter.com\/index.php\/wp-json\/wp\/v2\/product_cat?post=5156"},{"taxonomy":"product_tag","embeddable":true,"href":"https:\/\/quasarhomecenter.com\/index.php\/wp-json\/wp\/v2\/product_tag?post=5156"}],"curies":[{"name":"wp","href":"https:\/\/api.w.org\/{rel}","templated":true}]}}