{"id":5202,"date":"2024-03-04T09:43:26","date_gmt":"2024-03-04T12:43:26","guid":{"rendered":"https:\/\/quasarhomecenter.com\/?post_type=product&#038;p=5202"},"modified":"2024-03-04T10:17:06","modified_gmt":"2024-03-04T13:17:06","slug":"vibrador-de-azulejos-azulejos-de-piso-azulejos-de-pared-de-ceramica-maquina-de-herramientas","status":"publish","type":"product","link":"https:\/\/quasarhomecenter.com\/index.php\/product\/vibrador-de-azulejos-azulejos-de-piso-azulejos-de-pared-de-ceramica-maquina-de-herramientas\/","title":{"rendered":"Vibrador de azulejos Azulejos de piso Azulejos de pared de cer\u00e1mica M\u00e1quina de herramientas"},"content":{"rendered":"<p>1. Ajuste de 6 velocidades: este vibrador de azulejos presenta un dise\u00f1o altamente efectivo con ajuste de 6 velocidades para una eliminaci\u00f3n r\u00e1pida y eficiente de los azulejos, lo que hace que las renovaciones y reparaciones del hogar sean r\u00e1pidas y f\u00e1ciles.<\/p>\n<p>2. Estructura de ventosa: El vibrador de baldosas est\u00e1 dise\u00f1ado con una estructura de ventosa, que puede adsorberse bien en el trabajo, haciendo que el proceso de operaci\u00f3n sea m\u00e1s estable y confiable, reduciendo la dificultad de operaci\u00f3n y adecuado para baldosas de hasta 100 cm.<\/p>\n<p>3. Bater\u00eda recargable: El vibrador de azulejos funciona con una bater\u00eda recargable y no requiere reemplazo de bater\u00eda durante largos per\u00edodos de uso, lo que lo hace econ\u00f3mico y pr\u00e1ctico.\u00a0<br \/>El tiempo de carga normal es de 3 a 4 horas, parada autom\u00e1tica completa, la luz de la pantalla es verde o no hay luz.\u00a0<br \/>Una completa se puede utilizar durante m\u00e1s de 6 a 8 horas.<\/p>\n<p>4. Durable: el vibrador para azulejos est\u00e1 hecho de materiales confiables y est\u00e1 dise\u00f1ado para ser duradero y duradero, cuya construcci\u00f3n robusta garantiza que pueda soportar los rigores del uso regular y la exposici\u00f3n a condiciones ambientales adversas, lo que lo convierte en una herramienta ideal para alicatadores profesionales. y entusiastas del bricolaje.<\/p>\n<p>5. F\u00e1cil de usar: El vibrador de azulejos est\u00e1 dise\u00f1ado para ser f\u00e1cil de usar, incluso para aquellos que tienen experiencia limitada en la colocaci\u00f3n de azulejos, cuyo dise\u00f1o simple hace que sea f\u00e1cil de operar y su tama\u00f1o compacto permite usarlo en espacios reducidos.<\/p>\n<p>Especificaciones:<\/p>\n<p>Tipo de art\u00edculo: Vibrador de azulejos<\/p>\n<p>Material: Aluminio y pl\u00e1stico<\/p>\n<p>Tipo de bater\u00eda: 1 bater\u00eda de litio recargable tipo jack de 12 V (incluida)<\/p>\n<p>Capacidad de la bater\u00eda: 1500 mAh<\/p>\n<p>Voltaje (bater\u00eda): DC12 V<\/p>\n<p>Voltaje de entrada: 110-240 V<\/p>\n<p>Frecuencia: 50 60 Hz<\/p>\n<p>Voltaje de salida: 12 -98V<\/p>\n<p>Corriente de salida: 1000mA<\/p>\n<p>Ajuste de vibraci\u00f3n: Ajuste de 6 velocidades<\/p>\n<p>Di\u00e1metro de la ventosa: Aprox.\u00a0<br \/>12,8 cm\/5,04 pulgadas<\/p>\n<p>Frecuencia de vibraci\u00f3n: 12000r\/min<\/p>\n<p>Capacidad de absorci\u00f3n: 40 kg\/88,18 lb (aprox.)<\/p>\n<p>Azulejo aplicable: dentro de 30 ~ 100 cm\/11,81 ~ 39,37 pulgadas<\/p>\n<p>Lista de embalaje:<\/p>\n<p>1 x vibrador de azulejos<\/p>\n<p>1 x bater\u00eda<\/p>\n<p>1 x cargador<\/p>\n<p>1 x almacenamiento de pl\u00e1stico Aviso\u00a0<br \/>de caja<\/p>\n<p>:<\/p>\n<p>Durante el per\u00edodo normal<\/p>\n","protected":false},"excerpt":{"rendered":"<p>Largo: BATER\u00cdA DURADERA Alimentado por una bater\u00eda, esta loseta para vibrador no requiere reemplazo de bater\u00eda durante largos per\u00edodos de uso.\u00a0<br \/>Con una carga completa, se puede utilizar durante m\u00e1s de 6 horas, lo que lo hace econ\u00f3mico y pr\u00e1ctico.<br \/>Servicio: Asumimos la responsabilidad de nuestros productos y creemos en su calidad.\u00a0<br \/>Las caracter\u00edsticas y la alta confiabilidad le brindan una experiencia diferente y garantizan la satisfacci\u00f3n de cada cliente.\u00a0<br \/>Si tiene alguna pregunta sobre nuestros productos, siempre estamos disponibles para responderla.<br \/>Bater\u00eda: Econ\u00f3mica y pr\u00e1ctica para largos periodos de uso<br \/>Resumen de venta: Herramienta autom\u00e1tica para la colocaci\u00f3n de baldosas, descripci\u00f3n de venta La m\u00e1quina niveladora y vibradora de baldosas proporciona una soluci\u00f3n eficiente para la colocaci\u00f3n de baldosas.\u00a0<br \/>La automatizaci\u00f3n de los ladrillos se realiza a trav\u00e9s de medios que hacen que los ladrillos colocados sean densos y mejoran la eficiencia del trabajo y la precisi\u00f3n del mosaico.<br \/>6 para ajuste de velocidad: Eliminaci\u00f3n de azulejos r\u00e1pida y eficiente<\/p>\n","protected":false},"featured_media":5203,"comment_status":"open","ping_status":"closed","template":"","meta":{"om_disable_all_campaigns":false,"_uag_custom_page_level_css":"","_monsterinsights_skip_tracking":false,"_monsterinsights_sitenote_active":false,"_monsterinsights_sitenote_note":"","_monsterinsights_sitenote_category":0},"product_cat":[160],"product_tag":[161],"class_list":{"0":"post-5202","1":"product","2":"type-product","3":"status-publish","4":"has-post-thumbnail","6":"product_cat-herramientas-varias","7":"product_tag-herramienta-manual","9":"first","10":"instock","11":"shipping-taxable","12":"purchasable","13":"product-type-simple"},"aioseo_notices":[],"jetpack_sharing_enabled":true,"uagb_featured_image_src":{"full":["https:\/\/quasarhomecenter.com\/wp-content\/uploads\/2024\/03\/23561-Banco-de-datos.png-2.png",2500,2500,false],"thumbnail":["https:\/\/quasarhomecenter.com\/wp-content\/uploads\/2024\/03\/23561-Banco-de-datos.png-2-150x150.png",150,150,true],"medium":["https:\/\/quasarhomecenter.com\/wp-content\/uploads\/2024\/03\/23561-Banco-de-datos.png-2-300x300.png",300,300,true],"medium_large":["https:\/\/quasarhomecenter.com\/wp-content\/uploads\/2024\/03\/23561-Banco-de-datos.png-2-768x768.png",768,768,true],"large":["https:\/\/quasarhomecenter.com\/wp-content\/uploads\/2024\/03\/23561-Banco-de-datos.png-2-1024x1024.png",1024,1024,true],"1536x1536":["https:\/\/quasarhomecenter.com\/wp-content\/uploads\/2024\/03\/23561-Banco-de-datos.png-2-1536x1536.png",1536,1536,true],"2048x2048":["https:\/\/quasarhomecenter.com\/wp-content\/uploads\/2024\/03\/23561-Banco-de-datos.png-2-2048x2048.png",2048,2048,true],"mailpoet_newsletter_max":["https:\/\/quasarhomecenter.com\/wp-content\/uploads\/2024\/03\/23561-Banco-de-datos.png-2-1320x1320.png",1320,1320,true],"woocommerce_thumbnail":["https:\/\/quasarhomecenter.com\/wp-content\/uploads\/2024\/03\/23561-Banco-de-datos.png-2-300x300.png",300,300,true],"woocommerce_single":["https:\/\/quasarhomecenter.com\/wp-content\/uploads\/2024\/03\/23561-Banco-de-datos.png-2-600x600.png",600,600,true],"woocommerce_gallery_thumbnail":["https:\/\/quasarhomecenter.com\/wp-content\/uploads\/2024\/03\/23561-Banco-de-datos.png-2-100x100.png",100,100,true]},"uagb_author_info":{"display_name":"quasarhomecenter.com","author_link":"https:\/\/quasarhomecenter.com\/index.php\/author\/"},"uagb_comment_info":0,"uagb_excerpt":"Largo: BATER\u00cdA DURADERA Alimentado por una bater\u00eda, esta loseta para vibrador no requiere reemplazo de bater\u00eda durante largos per\u00edodos de uso.\u00a0Con una carga completa, se puede utilizar durante m\u00e1s de 6 horas, lo que lo hace econ\u00f3mico y pr\u00e1ctico.Servicio: Asumimos la responsabilidad de nuestros productos y creemos en su calidad.\u00a0Las caracter\u00edsticas y la alta confiabilidad&hellip;","_links":{"self":[{"href":"https:\/\/quasarhomecenter.com\/index.php\/wp-json\/wp\/v2\/product\/5202","targetHints":{"allow":["GET"]}}],"collection":[{"href":"https:\/\/quasarhomecenter.com\/index.php\/wp-json\/wp\/v2\/product"}],"about":[{"href":"https:\/\/quasarhomecenter.com\/index.php\/wp-json\/wp\/v2\/types\/product"}],"replies":[{"embeddable":true,"href":"https:\/\/quasarhomecenter.com\/index.php\/wp-json\/wp\/v2\/comments?post=5202"}],"wp:featuredmedia":[{"embeddable":true,"href":"https:\/\/quasarhomecenter.com\/index.php\/wp-json\/wp\/v2\/media\/5203"}],"wp:attachment":[{"href":"https:\/\/quasarhomecenter.com\/index.php\/wp-json\/wp\/v2\/media?parent=5202"}],"wp:term":[{"taxonomy":"product_cat","embeddable":true,"href":"https:\/\/quasarhomecenter.com\/index.php\/wp-json\/wp\/v2\/product_cat?post=5202"},{"taxonomy":"product_tag","embeddable":true,"href":"https:\/\/quasarhomecenter.com\/index.php\/wp-json\/wp\/v2\/product_tag?post=5202"}],"curies":[{"name":"wp","href":"https:\/\/api.w.org\/{rel}","templated":true}]}}