{"id":5350,"date":"2024-03-08T11:19:05","date_gmt":"2024-03-08T14:19:05","guid":{"rendered":"https:\/\/quasarhomecenter.com\/?post_type=product&#038;p=5350"},"modified":"2024-03-14T09:17:13","modified_gmt":"2024-03-14T12:17:13","slug":"tamiz-de-harina-de-mano-agujeros-de-tamiz-uniforme-semiautomatico-taza-colador-de-harina-para-hornear","status":"publish","type":"product","link":"https:\/\/quasarhomecenter.com\/index.php\/product\/tamiz-de-harina-de-mano-agujeros-de-tamiz-uniforme-semiautomatico-taza-colador-de-harina-para-hornear\/","title":{"rendered":"Tamiz de harina de mano, agujeros de tamiz uniforme, semiautom\u00e1tico, taza colador de harina para hornear"},"content":{"rendered":"<p>ABS de grado alimenticio: la taza coladora de harina est\u00e1 hecha de material ABS de grado alimenticio para una mayor tranquilidad cuando se utiliza. Duradero, limpio e higi\u00e9nico.<br \/>C\u00f3modo de usar: el tamiz de harina de mano es c\u00f3modo de usar, levanta el mango del resorte y presiona suavemente para tamizar la harina.<br \/>Disoluci\u00f3n efectiva: Algunas harinas se dejan durante mucho tiempo y se convierten en paquetes s\u00f3lidos, que se pueden dispersar despu\u00e9s del tamizado y se pueden disolver efectivamente.<br \/>Agujeros uniformemente tamizados: el tamiz de harina para hornear tiene agujeros uniformes, harina tamizada fina y una estructura fuerte y estable de seis lados.<br \/>Herramientas para hornear pasteler\u00eda: la taza tamiz de harina es ideal para hacer pasteles, hojaldres y panes. Las etiquetas de gramos en las tazas son precisas y f\u00e1ciles de manejar.<\/p>\n","protected":false},"excerpt":{"rendered":"<p>ABS de grado alimenticio: la taza coladora de harina est\u00e1 hecha de material ABS de grado alimenticio para una mayor tranquilidad cuando se utiliza. Duradero, limpio e higi\u00e9nico.<br \/>C\u00f3modo de usar: el tamiz de harina de mano es c\u00f3modo de usar, levanta el mango del resorte y presiona suavemente para tamizar la harina.<br \/>Disoluci\u00f3n efectiva: Algunas harinas se dejan durante mucho tiempo y se convierten en paquetes s\u00f3lidos, que se pueden dispersar despu\u00e9s del tamizado y se pueden disolver efectivamente.<br \/>Agujeros uniformemente tamizados: el tamiz de harina para hornear tiene agujeros uniformes, harina tamizada fina y una estructura fuerte y estable de seis lados.<br \/>Herramientas para hornear pasteler\u00eda: la taza tamiz de harina es ideal para hacer pasteles, hojaldres y panes. Las etiquetas de gramos en las tazas son precisas y f\u00e1ciles de manejar.<\/p>\n","protected":false},"featured_media":5351,"comment_status":"open","ping_status":"closed","template":"","meta":{"om_disable_all_campaigns":false,"_uag_custom_page_level_css":"","_monsterinsights_skip_tracking":false,"_monsterinsights_sitenote_active":false,"_monsterinsights_sitenote_note":"","_monsterinsights_sitenote_category":0},"product_cat":[254],"product_tag":[],"class_list":{"0":"post-5350","1":"product","2":"type-product","3":"status-publish","4":"has-post-thumbnail","6":"product_cat-bazar","8":"first","9":"instock","10":"shipping-taxable","11":"purchasable","12":"product-type-simple"},"aioseo_notices":[],"jetpack_sharing_enabled":true,"uagb_featured_image_src":{"full":["https:\/\/quasarhomecenter.com\/wp-content\/uploads\/2024\/03\/23684-Banco-de-datos.png",2500,2500,false],"thumbnail":["https:\/\/quasarhomecenter.com\/wp-content\/uploads\/2024\/03\/23684-Banco-de-datos-150x150.png",150,150,true],"medium":["https:\/\/quasarhomecenter.com\/wp-content\/uploads\/2024\/03\/23684-Banco-de-datos-300x300.png",300,300,true],"medium_large":["https:\/\/quasarhomecenter.com\/wp-content\/uploads\/2024\/03\/23684-Banco-de-datos-768x768.png",768,768,true],"large":["https:\/\/quasarhomecenter.com\/wp-content\/uploads\/2024\/03\/23684-Banco-de-datos-1024x1024.png",1024,1024,true],"1536x1536":["https:\/\/quasarhomecenter.com\/wp-content\/uploads\/2024\/03\/23684-Banco-de-datos-1536x1536.png",1536,1536,true],"2048x2048":["https:\/\/quasarhomecenter.com\/wp-content\/uploads\/2024\/03\/23684-Banco-de-datos-2048x2048.png",2048,2048,true],"mailpoet_newsletter_max":["https:\/\/quasarhomecenter.com\/wp-content\/uploads\/2024\/03\/23684-Banco-de-datos-1320x1320.png",1320,1320,true],"woocommerce_thumbnail":["https:\/\/quasarhomecenter.com\/wp-content\/uploads\/2024\/03\/23684-Banco-de-datos-300x300.png",300,300,true],"woocommerce_single":["https:\/\/quasarhomecenter.com\/wp-content\/uploads\/2024\/03\/23684-Banco-de-datos-600x600.png",600,600,true],"woocommerce_gallery_thumbnail":["https:\/\/quasarhomecenter.com\/wp-content\/uploads\/2024\/03\/23684-Banco-de-datos-100x100.png",100,100,true]},"uagb_author_info":{"display_name":"quasarhomecenter.com","author_link":"https:\/\/quasarhomecenter.com\/index.php\/author\/"},"uagb_comment_info":0,"uagb_excerpt":"ABS de grado alimenticio: la taza coladora de harina est\u00e1 hecha de material ABS de grado alimenticio para una mayor tranquilidad cuando se utiliza. Duradero, limpio e higi\u00e9nico.C\u00f3modo de usar: el tamiz de harina de mano es c\u00f3modo de usar, levanta el mango del resorte y presiona suavemente para tamizar la harina.Disoluci\u00f3n efectiva: Algunas harinas&hellip;","_links":{"self":[{"href":"https:\/\/quasarhomecenter.com\/index.php\/wp-json\/wp\/v2\/product\/5350","targetHints":{"allow":["GET"]}}],"collection":[{"href":"https:\/\/quasarhomecenter.com\/index.php\/wp-json\/wp\/v2\/product"}],"about":[{"href":"https:\/\/quasarhomecenter.com\/index.php\/wp-json\/wp\/v2\/types\/product"}],"replies":[{"embeddable":true,"href":"https:\/\/quasarhomecenter.com\/index.php\/wp-json\/wp\/v2\/comments?post=5350"}],"wp:featuredmedia":[{"embeddable":true,"href":"https:\/\/quasarhomecenter.com\/index.php\/wp-json\/wp\/v2\/media\/5351"}],"wp:attachment":[{"href":"https:\/\/quasarhomecenter.com\/index.php\/wp-json\/wp\/v2\/media?parent=5350"}],"wp:term":[{"taxonomy":"product_cat","embeddable":true,"href":"https:\/\/quasarhomecenter.com\/index.php\/wp-json\/wp\/v2\/product_cat?post=5350"},{"taxonomy":"product_tag","embeddable":true,"href":"https:\/\/quasarhomecenter.com\/index.php\/wp-json\/wp\/v2\/product_tag?post=5350"}],"curies":[{"name":"wp","href":"https:\/\/api.w.org\/{rel}","templated":true}]}}