{"id":5370,"date":"2024-03-12T09:08:52","date_gmt":"2024-03-12T12:08:52","guid":{"rendered":"https:\/\/quasarhomecenter.com\/?post_type=product&#038;p=5370"},"modified":"2024-03-14T09:26:09","modified_gmt":"2024-03-14T12:26:09","slug":"dispensador-de-cerveza","status":"publish","type":"product","link":"https:\/\/quasarhomecenter.com\/index.php\/product\/dispensador-de-cerveza\/","title":{"rendered":"Dispensador de cerveza"},"content":{"rendered":"<p>Nuestra torre de cerveza para pub casero ser\u00e1 un complemento perfecto para tu bar en casa, cafeter\u00eda, bar, restaurante, fiestas, eventos o reuniones al aire libre. Impresiona a tus invitados y recibe un cumplido por tu gusto con este enfriador de torre de cerveza.<br \/>1. Cubierta superior peque\u00f1a para un f\u00e1cil acceso<br \/>3. Los car\u00e1mbanos con tapas se pueden colocar en el refrigerador directamente con agua, lo cual es conveniente y pr\u00e1ctico, sin agregar cubitos de hielo.<br \/>4. Llena la torre de cerveza, tira del mango del grifo y haz tu propia cerveza en esta torre de cerveza como un profesional. La capacidad total del dispensador de cerveza es de 3 litros.<\/p>\n","protected":false},"excerpt":{"rendered":"<p>Nuestra torre de cerveza para pub casero ser\u00e1 un complemento perfecto para tu bar en casa, cafeter\u00eda, bar, restaurante, fiestas, eventos o reuniones al aire libre. Impresiona a tus invitados y recibe un cumplido por tu gusto con este enfriador de torre de cerveza.<br \/>1. Cubierta superior peque\u00f1a para un f\u00e1cil acceso<br \/>3. Los car\u00e1mbanos con tapas se pueden colocar en el refrigerador directamente con agua, lo cual es conveniente y pr\u00e1ctico, sin agregar cubitos de hielo.<br \/>4. Llena la torre de cerveza, tira del mango del grifo y haz tu propia cerveza en esta torre de cerveza como un profesional. La capacidad total del dispensador de cerveza es de 3 litros.<\/p>\n","protected":false},"featured_media":5372,"comment_status":"open","ping_status":"closed","template":"","meta":{"om_disable_all_campaigns":false,"_uag_custom_page_level_css":"","_monsterinsights_skip_tracking":false,"_monsterinsights_sitenote_active":false,"_monsterinsights_sitenote_note":"","_monsterinsights_sitenote_category":0},"product_cat":[254],"product_tag":[],"class_list":{"0":"post-5370","1":"product","2":"type-product","3":"status-publish","4":"has-post-thumbnail","6":"product_cat-bazar","8":"first","9":"instock","10":"shipping-taxable","11":"purchasable","12":"product-type-simple"},"aioseo_notices":[],"jetpack_sharing_enabled":true,"uagb_featured_image_src":{"full":["https:\/\/quasarhomecenter.com\/wp-content\/uploads\/2024\/03\/23691-Banco-de-datos.png",2500,2500,false],"thumbnail":["https:\/\/quasarhomecenter.com\/wp-content\/uploads\/2024\/03\/23691-Banco-de-datos-150x150.png",150,150,true],"medium":["https:\/\/quasarhomecenter.com\/wp-content\/uploads\/2024\/03\/23691-Banco-de-datos-300x300.png",300,300,true],"medium_large":["https:\/\/quasarhomecenter.com\/wp-content\/uploads\/2024\/03\/23691-Banco-de-datos-768x768.png",768,768,true],"large":["https:\/\/quasarhomecenter.com\/wp-content\/uploads\/2024\/03\/23691-Banco-de-datos-1024x1024.png",1024,1024,true],"1536x1536":["https:\/\/quasarhomecenter.com\/wp-content\/uploads\/2024\/03\/23691-Banco-de-datos-1536x1536.png",1536,1536,true],"2048x2048":["https:\/\/quasarhomecenter.com\/wp-content\/uploads\/2024\/03\/23691-Banco-de-datos-2048x2048.png",2048,2048,true],"mailpoet_newsletter_max":["https:\/\/quasarhomecenter.com\/wp-content\/uploads\/2024\/03\/23691-Banco-de-datos-1320x1320.png",1320,1320,true],"woocommerce_thumbnail":["https:\/\/quasarhomecenter.com\/wp-content\/uploads\/2024\/03\/23691-Banco-de-datos-300x300.png",300,300,true],"woocommerce_single":["https:\/\/quasarhomecenter.com\/wp-content\/uploads\/2024\/03\/23691-Banco-de-datos-600x600.png",600,600,true],"woocommerce_gallery_thumbnail":["https:\/\/quasarhomecenter.com\/wp-content\/uploads\/2024\/03\/23691-Banco-de-datos-100x100.png",100,100,true]},"uagb_author_info":{"display_name":"quasarhomecenter.com","author_link":"https:\/\/quasarhomecenter.com\/index.php\/author\/"},"uagb_comment_info":0,"uagb_excerpt":"Nuestra torre de cerveza para pub casero ser\u00e1 un complemento perfecto para tu bar en casa, cafeter\u00eda, bar, restaurante, fiestas, eventos o reuniones al aire libre. Impresiona a tus invitados y recibe un cumplido por tu gusto con este enfriador de torre de cerveza.1. Cubierta superior peque\u00f1a para un f\u00e1cil acceso3. Los car\u00e1mbanos con tapas&hellip;","_links":{"self":[{"href":"https:\/\/quasarhomecenter.com\/index.php\/wp-json\/wp\/v2\/product\/5370","targetHints":{"allow":["GET"]}}],"collection":[{"href":"https:\/\/quasarhomecenter.com\/index.php\/wp-json\/wp\/v2\/product"}],"about":[{"href":"https:\/\/quasarhomecenter.com\/index.php\/wp-json\/wp\/v2\/types\/product"}],"replies":[{"embeddable":true,"href":"https:\/\/quasarhomecenter.com\/index.php\/wp-json\/wp\/v2\/comments?post=5370"}],"wp:featuredmedia":[{"embeddable":true,"href":"https:\/\/quasarhomecenter.com\/index.php\/wp-json\/wp\/v2\/media\/5372"}],"wp:attachment":[{"href":"https:\/\/quasarhomecenter.com\/index.php\/wp-json\/wp\/v2\/media?parent=5370"}],"wp:term":[{"taxonomy":"product_cat","embeddable":true,"href":"https:\/\/quasarhomecenter.com\/index.php\/wp-json\/wp\/v2\/product_cat?post=5370"},{"taxonomy":"product_tag","embeddable":true,"href":"https:\/\/quasarhomecenter.com\/index.php\/wp-json\/wp\/v2\/product_tag?post=5370"}],"curies":[{"name":"wp","href":"https:\/\/api.w.org\/{rel}","templated":true}]}}