{"id":5390,"date":"2024-03-13T09:19:46","date_gmt":"2024-03-13T12:19:46","guid":{"rendered":"https:\/\/quasarhomecenter.com\/?post_type=product&#038;p=5390"},"modified":"2024-03-14T09:43:19","modified_gmt":"2024-03-14T12:43:19","slug":"rallador-de-verduras-5-en-1-rebana-queso-papas-y-alimentos","status":"publish","type":"product","link":"https:\/\/quasarhomecenter.com\/index.php\/product\/rallador-de-verduras-5-en-1-rebana-queso-papas-y-alimentos\/","title":{"rendered":"Rallador De Verduras 5 En 1 Rebana Queso, Papas Y Alimentos"},"content":{"rendered":"<p>Este rallador de tambor, manivela y accesorios tiene una base de succi\u00f3n con una perilla que asegura que el rallador se mantenga en la superficie de trabajo cuando se trabaja con alimentos duros o resbaladizos, permitiendo cortes eficientes en todo momento. Su dise\u00f1o de f\u00e1cil limpieza y apto para lavavajillas hace que su mantenimiento sea un proceso sin complicaciones. Adem\u00e1s, a diferencia de otros rayadores para verduras, su construcci\u00f3n de acero inoxidable evita acumulaci\u00f3n de bacterias y garantiza la higiene en tu cocina.<\/p>\n","protected":false},"excerpt":{"rendered":"<p>Este rallador de tambor, manivela y accesorios tiene una base de succi\u00f3n con una perilla que asegura que el rallador se mantenga en la superficie de trabajo cuando se trabaja con alimentos duros o resbaladizos, permitiendo cortes eficientes en todo momento. Su dise\u00f1o de f\u00e1cil limpieza y apto para lavavajillas hace que su mantenimiento sea un proceso sin complicaciones. Adem\u00e1s, a diferencia de otros rayadores para verduras, su construcci\u00f3n de acero inoxidable evita acumulaci\u00f3n de bacterias y garantiza la higiene en tu cocina.<\/p>\n","protected":false},"featured_media":5398,"comment_status":"open","ping_status":"closed","template":"","meta":{"om_disable_all_campaigns":false,"_uag_custom_page_level_css":"","_monsterinsights_skip_tracking":false,"_monsterinsights_sitenote_active":false,"_monsterinsights_sitenote_note":"","_monsterinsights_sitenote_category":0},"product_cat":[254],"product_tag":[],"class_list":{"0":"post-5390","1":"product","2":"type-product","3":"status-publish","4":"has-post-thumbnail","6":"product_cat-bazar","8":"first","9":"instock","10":"shipping-taxable","11":"purchasable","12":"product-type-simple"},"aioseo_notices":[],"jetpack_sharing_enabled":true,"uagb_featured_image_src":{"full":["https:\/\/quasarhomecenter.com\/wp-content\/uploads\/2024\/03\/23704-Banco-de-datos.png",2000,2000,false],"thumbnail":["https:\/\/quasarhomecenter.com\/wp-content\/uploads\/2024\/03\/23704-Banco-de-datos-150x150.png",150,150,true],"medium":["https:\/\/quasarhomecenter.com\/wp-content\/uploads\/2024\/03\/23704-Banco-de-datos-300x300.png",300,300,true],"medium_large":["https:\/\/quasarhomecenter.com\/wp-content\/uploads\/2024\/03\/23704-Banco-de-datos-768x768.png",768,768,true],"large":["https:\/\/quasarhomecenter.com\/wp-content\/uploads\/2024\/03\/23704-Banco-de-datos-1024x1024.png",1024,1024,true],"1536x1536":["https:\/\/quasarhomecenter.com\/wp-content\/uploads\/2024\/03\/23704-Banco-de-datos-1536x1536.png",1536,1536,true],"2048x2048":["https:\/\/quasarhomecenter.com\/wp-content\/uploads\/2024\/03\/23704-Banco-de-datos.png",2000,2000,false],"mailpoet_newsletter_max":["https:\/\/quasarhomecenter.com\/wp-content\/uploads\/2024\/03\/23704-Banco-de-datos-1320x1320.png",1320,1320,true],"woocommerce_thumbnail":["https:\/\/quasarhomecenter.com\/wp-content\/uploads\/2024\/03\/23704-Banco-de-datos-300x300.png",300,300,true],"woocommerce_single":["https:\/\/quasarhomecenter.com\/wp-content\/uploads\/2024\/03\/23704-Banco-de-datos-600x600.png",600,600,true],"woocommerce_gallery_thumbnail":["https:\/\/quasarhomecenter.com\/wp-content\/uploads\/2024\/03\/23704-Banco-de-datos-100x100.png",100,100,true]},"uagb_author_info":{"display_name":"quasarhomecenter.com","author_link":"https:\/\/quasarhomecenter.com\/index.php\/author\/"},"uagb_comment_info":0,"uagb_excerpt":"Este rallador de tambor, manivela y accesorios tiene una base de succi\u00f3n con una perilla que asegura que el rallador se mantenga en la superficie de trabajo cuando se trabaja con alimentos duros o resbaladizos, permitiendo cortes eficientes en todo momento. Su dise\u00f1o de f\u00e1cil limpieza y apto para lavavajillas hace que su mantenimiento sea&hellip;","_links":{"self":[{"href":"https:\/\/quasarhomecenter.com\/index.php\/wp-json\/wp\/v2\/product\/5390","targetHints":{"allow":["GET"]}}],"collection":[{"href":"https:\/\/quasarhomecenter.com\/index.php\/wp-json\/wp\/v2\/product"}],"about":[{"href":"https:\/\/quasarhomecenter.com\/index.php\/wp-json\/wp\/v2\/types\/product"}],"replies":[{"embeddable":true,"href":"https:\/\/quasarhomecenter.com\/index.php\/wp-json\/wp\/v2\/comments?post=5390"}],"wp:featuredmedia":[{"embeddable":true,"href":"https:\/\/quasarhomecenter.com\/index.php\/wp-json\/wp\/v2\/media\/5398"}],"wp:attachment":[{"href":"https:\/\/quasarhomecenter.com\/index.php\/wp-json\/wp\/v2\/media?parent=5390"}],"wp:term":[{"taxonomy":"product_cat","embeddable":true,"href":"https:\/\/quasarhomecenter.com\/index.php\/wp-json\/wp\/v2\/product_cat?post=5390"},{"taxonomy":"product_tag","embeddable":true,"href":"https:\/\/quasarhomecenter.com\/index.php\/wp-json\/wp\/v2\/product_tag?post=5390"}],"curies":[{"name":"wp","href":"https:\/\/api.w.org\/{rel}","templated":true}]}}