{"id":5392,"date":"2024-03-13T09:48:37","date_gmt":"2024-03-13T12:48:37","guid":{"rendered":"https:\/\/quasarhomecenter.com\/?post_type=product&#038;p=5392"},"modified":"2024-03-14T09:45:30","modified_gmt":"2024-03-14T12:45:30","slug":"trituradora-de-embudo-de-zanahoria-suministros-de-cocina","status":"publish","type":"product","link":"https:\/\/quasarhomecenter.com\/index.php\/product\/trituradora-de-embudo-de-zanahoria-suministros-de-cocina\/","title":{"rendered":"Trituradora De Embudo De Zanahoria, Suministros De Cocina"},"content":{"rendered":"<p>Caracter\u00edsticas:<br \/>Un rallador puede cortar verduras en tiras finas y uniformes de cualquier longitud que desee.<br \/>Corte las verduras a triturar, coloque las verduras en las puntas del tornillo, g\u00edrelas y las verduras se desmenuzan. El otro lado se puede extender hacia afuera. \u00a1Muy pr\u00e1ctico!<br \/>Este rallador corta perfectamente la seda de cualquier verdura y fruta.<br \/>Este cortador de alambre est\u00e1 hecho de pl\u00e1stico, mientras que est\u00e1 hecho de acero inoxidable, es seguro y antiadherente.<br \/>Este cuchillo triturador tiene un dise\u00f1o afilado y especial que ayuda a cortar otras verduras.<\/p>\n","protected":false},"excerpt":{"rendered":"<p>Caracter\u00edsticas:<br \/>Un rallador puede cortar verduras en tiras finas y uniformes de cualquier longitud que desee.<br \/>Corte las verduras a triturar, coloque las verduras en las puntas del tornillo, g\u00edrelas y las verduras se desmenuzan. El otro lado se puede extender hacia afuera. \u00a1Muy pr\u00e1ctico!<br \/>Este rallador corta perfectamente la seda de cualquier verdura y fruta.<br \/>Este cortador de alambre est\u00e1 hecho de pl\u00e1stico, mientras que est\u00e1 hecho de acero inoxidable, es seguro y antiadherente.<br \/>Este cuchillo triturador tiene un dise\u00f1o afilado y especial que ayuda a cortar otras verduras.<\/p>\n","protected":false},"featured_media":5393,"comment_status":"open","ping_status":"closed","template":"","meta":{"om_disable_all_campaigns":false,"_uag_custom_page_level_css":"","_monsterinsights_skip_tracking":false,"_monsterinsights_sitenote_active":false,"_monsterinsights_sitenote_note":"","_monsterinsights_sitenote_category":0},"product_cat":[254],"product_tag":[],"class_list":{"0":"post-5392","1":"product","2":"type-product","3":"status-publish","4":"has-post-thumbnail","6":"product_cat-bazar","8":"first","9":"instock","10":"shipping-taxable","11":"purchasable","12":"product-type-simple"},"aioseo_notices":[],"jetpack_sharing_enabled":true,"uagb_featured_image_src":{"full":["https:\/\/quasarhomecenter.com\/wp-content\/uploads\/2024\/03\/23708-Banco-de-datos.png",2500,2500,false],"thumbnail":["https:\/\/quasarhomecenter.com\/wp-content\/uploads\/2024\/03\/23708-Banco-de-datos-150x150.png",150,150,true],"medium":["https:\/\/quasarhomecenter.com\/wp-content\/uploads\/2024\/03\/23708-Banco-de-datos-300x300.png",300,300,true],"medium_large":["https:\/\/quasarhomecenter.com\/wp-content\/uploads\/2024\/03\/23708-Banco-de-datos-768x768.png",768,768,true],"large":["https:\/\/quasarhomecenter.com\/wp-content\/uploads\/2024\/03\/23708-Banco-de-datos-1024x1024.png",1024,1024,true],"1536x1536":["https:\/\/quasarhomecenter.com\/wp-content\/uploads\/2024\/03\/23708-Banco-de-datos-1536x1536.png",1536,1536,true],"2048x2048":["https:\/\/quasarhomecenter.com\/wp-content\/uploads\/2024\/03\/23708-Banco-de-datos-2048x2048.png",2048,2048,true],"mailpoet_newsletter_max":["https:\/\/quasarhomecenter.com\/wp-content\/uploads\/2024\/03\/23708-Banco-de-datos-1320x1320.png",1320,1320,true],"woocommerce_thumbnail":["https:\/\/quasarhomecenter.com\/wp-content\/uploads\/2024\/03\/23708-Banco-de-datos-300x300.png",300,300,true],"woocommerce_single":["https:\/\/quasarhomecenter.com\/wp-content\/uploads\/2024\/03\/23708-Banco-de-datos-600x600.png",600,600,true],"woocommerce_gallery_thumbnail":["https:\/\/quasarhomecenter.com\/wp-content\/uploads\/2024\/03\/23708-Banco-de-datos-100x100.png",100,100,true]},"uagb_author_info":{"display_name":"quasarhomecenter.com","author_link":"https:\/\/quasarhomecenter.com\/index.php\/author\/"},"uagb_comment_info":0,"uagb_excerpt":"Caracter\u00edsticas:Un rallador puede cortar verduras en tiras finas y uniformes de cualquier longitud que desee.Corte las verduras a triturar, coloque las verduras en las puntas del tornillo, g\u00edrelas y las verduras se desmenuzan. El otro lado se puede extender hacia afuera. \u00a1Muy pr\u00e1ctico!Este rallador corta perfectamente la seda de cualquier verdura y fruta.Este cortador de&hellip;","_links":{"self":[{"href":"https:\/\/quasarhomecenter.com\/index.php\/wp-json\/wp\/v2\/product\/5392","targetHints":{"allow":["GET"]}}],"collection":[{"href":"https:\/\/quasarhomecenter.com\/index.php\/wp-json\/wp\/v2\/product"}],"about":[{"href":"https:\/\/quasarhomecenter.com\/index.php\/wp-json\/wp\/v2\/types\/product"}],"replies":[{"embeddable":true,"href":"https:\/\/quasarhomecenter.com\/index.php\/wp-json\/wp\/v2\/comments?post=5392"}],"wp:featuredmedia":[{"embeddable":true,"href":"https:\/\/quasarhomecenter.com\/index.php\/wp-json\/wp\/v2\/media\/5393"}],"wp:attachment":[{"href":"https:\/\/quasarhomecenter.com\/index.php\/wp-json\/wp\/v2\/media?parent=5392"}],"wp:term":[{"taxonomy":"product_cat","embeddable":true,"href":"https:\/\/quasarhomecenter.com\/index.php\/wp-json\/wp\/v2\/product_cat?post=5392"},{"taxonomy":"product_tag","embeddable":true,"href":"https:\/\/quasarhomecenter.com\/index.php\/wp-json\/wp\/v2\/product_tag?post=5392"}],"curies":[{"name":"wp","href":"https:\/\/api.w.org\/{rel}","templated":true}]}}