{"id":5413,"date":"2024-03-17T09:44:46","date_gmt":"2024-03-17T12:44:46","guid":{"rendered":"https:\/\/quasarhomecenter.com\/?post_type=product&#038;p=5413"},"modified":"2024-03-17T09:51:04","modified_gmt":"2024-03-17T12:51:04","slug":"rociador","status":"publish","type":"product","link":"https:\/\/quasarhomecenter.com\/index.php\/product\/rociador\/","title":{"rendered":"Rociador"},"content":{"rendered":"<p>La botella de planta adopta material de polipropileno que es ligero y duradero. La boquilla puede rociar niebla ultra fina<br \/>Peque\u00f1o y ligero, puedes rociar agua con una prensa de caballero y regar flores.<br \/>La botella de spray vintage es ideal para todas las necesidades de tu hogar, incluyendo limpieza, plantaci\u00f3n, rociar plantas y flores, rociar hojas y limpiar ventanas. Y muchos otros usos.<br \/>La tuber\u00eda de agua es porosa, f\u00e1cil de absorber el agua, f\u00e1cil de empujar en el agua cuando se presiona, la parte inferior es antideslizante y resistente al desgaste<br \/>El agua embotellada es f\u00e1cil de usar, adecuado para la higiene de la cocina, el riego y otras funciones.<\/p>\n","protected":false},"excerpt":{"rendered":"<p>La botella de planta adopta material de polipropileno que es ligero y duradero. La boquilla puede rociar niebla ultra fina<br \/>Peque\u00f1o y ligero, puedes rociar agua con una prensa de caballero y regar flores.<br \/>La botella de spray vintage es ideal para todas las necesidades de tu hogar, incluyendo limpieza, plantaci\u00f3n, rociar plantas y flores, rociar hojas y limpiar ventanas. Y muchos otros usos.<br \/>La tuber\u00eda de agua es porosa, f\u00e1cil de absorber el agua, f\u00e1cil de empujar en el agua cuando se presiona, la parte inferior es antideslizante y resistente al desgaste<br \/>El agua embotellada es f\u00e1cil de usar, adecuado para la higiene de la cocina, el riego y otras funciones.<\/p>\n","protected":false},"featured_media":5414,"comment_status":"open","ping_status":"closed","template":"","meta":{"om_disable_all_campaigns":false,"_uag_custom_page_level_css":"","_monsterinsights_skip_tracking":false,"_monsterinsights_sitenote_active":false,"_monsterinsights_sitenote_note":"","_monsterinsights_sitenote_category":0},"product_cat":[254],"product_tag":[],"class_list":{"0":"post-5413","1":"product","2":"type-product","3":"status-publish","4":"has-post-thumbnail","6":"product_cat-bazar","8":"first","9":"instock","10":"shipping-taxable","11":"product-type-simple"},"aioseo_notices":[],"jetpack_sharing_enabled":true,"uagb_featured_image_src":{"full":["https:\/\/quasarhomecenter.com\/wp-content\/uploads\/2024\/03\/23738-Banco-de-datos.png",2500,2500,false],"thumbnail":["https:\/\/quasarhomecenter.com\/wp-content\/uploads\/2024\/03\/23738-Banco-de-datos-150x150.png",150,150,true],"medium":["https:\/\/quasarhomecenter.com\/wp-content\/uploads\/2024\/03\/23738-Banco-de-datos-300x300.png",300,300,true],"medium_large":["https:\/\/quasarhomecenter.com\/wp-content\/uploads\/2024\/03\/23738-Banco-de-datos-768x768.png",768,768,true],"large":["https:\/\/quasarhomecenter.com\/wp-content\/uploads\/2024\/03\/23738-Banco-de-datos-1024x1024.png",1024,1024,true],"1536x1536":["https:\/\/quasarhomecenter.com\/wp-content\/uploads\/2024\/03\/23738-Banco-de-datos-1536x1536.png",1536,1536,true],"2048x2048":["https:\/\/quasarhomecenter.com\/wp-content\/uploads\/2024\/03\/23738-Banco-de-datos-2048x2048.png",2048,2048,true],"mailpoet_newsletter_max":["https:\/\/quasarhomecenter.com\/wp-content\/uploads\/2024\/03\/23738-Banco-de-datos-1320x1320.png",1320,1320,true],"woocommerce_thumbnail":["https:\/\/quasarhomecenter.com\/wp-content\/uploads\/2024\/03\/23738-Banco-de-datos-300x300.png",300,300,true],"woocommerce_single":["https:\/\/quasarhomecenter.com\/wp-content\/uploads\/2024\/03\/23738-Banco-de-datos-600x600.png",600,600,true],"woocommerce_gallery_thumbnail":["https:\/\/quasarhomecenter.com\/wp-content\/uploads\/2024\/03\/23738-Banco-de-datos-100x100.png",100,100,true]},"uagb_author_info":{"display_name":"quasarhomecenter.com","author_link":"https:\/\/quasarhomecenter.com\/index.php\/author\/"},"uagb_comment_info":0,"uagb_excerpt":"La botella de planta adopta material de polipropileno que es ligero y duradero. La boquilla puede rociar niebla ultra finaPeque\u00f1o y ligero, puedes rociar agua con una prensa de caballero y regar flores.La botella de spray vintage es ideal para todas las necesidades de tu hogar, incluyendo limpieza, plantaci\u00f3n, rociar plantas y flores, rociar hojas&hellip;","_links":{"self":[{"href":"https:\/\/quasarhomecenter.com\/index.php\/wp-json\/wp\/v2\/product\/5413","targetHints":{"allow":["GET"]}}],"collection":[{"href":"https:\/\/quasarhomecenter.com\/index.php\/wp-json\/wp\/v2\/product"}],"about":[{"href":"https:\/\/quasarhomecenter.com\/index.php\/wp-json\/wp\/v2\/types\/product"}],"replies":[{"embeddable":true,"href":"https:\/\/quasarhomecenter.com\/index.php\/wp-json\/wp\/v2\/comments?post=5413"}],"wp:featuredmedia":[{"embeddable":true,"href":"https:\/\/quasarhomecenter.com\/index.php\/wp-json\/wp\/v2\/media\/5414"}],"wp:attachment":[{"href":"https:\/\/quasarhomecenter.com\/index.php\/wp-json\/wp\/v2\/media?parent=5413"}],"wp:term":[{"taxonomy":"product_cat","embeddable":true,"href":"https:\/\/quasarhomecenter.com\/index.php\/wp-json\/wp\/v2\/product_cat?post=5413"},{"taxonomy":"product_tag","embeddable":true,"href":"https:\/\/quasarhomecenter.com\/index.php\/wp-json\/wp\/v2\/product_tag?post=5413"}],"curies":[{"name":"wp","href":"https:\/\/api.w.org\/{rel}","templated":true}]}}