{"id":6288,"date":"2024-04-25T08:47:15","date_gmt":"2024-04-25T11:47:15","guid":{"rendered":"https:\/\/quasarhomecenter.com\/?post_type=product&#038;p=6288"},"modified":"2024-04-25T08:48:27","modified_gmt":"2024-04-25T11:48:27","slug":"led-panel-circular-easy-inst-15w-6500w-luz-fria-15w-3000k-luz-calida","status":"publish","type":"product","link":"https:\/\/quasarhomecenter.com\/index.php\/product\/led-panel-circular-easy-inst-15w-6500w-luz-fria-15w-3000k-luz-calida\/","title":{"rendered":"Led panel circular Easy inst 15w 6500w luz fr\u00eda \/ 15w 3000k luz calida"},"content":{"rendered":"<p>Modelo: 15w 6500w luz fr\u00eda<br \/>C\u00f3digo: 18041<br \/>Led panel circular Easy inst<br \/>Modelo: 15w 3000k luz calida<br \/>C\u00f3digo: 18042<\/p>\n","protected":false},"excerpt":{"rendered":"<p>Modelo: 15w 6500w luz fr\u00eda<br \/>C\u00f3digo: 18041<br \/>Led panel circular Easy inst<br \/>Modelo: 15w 3000k luz calida<br \/>C\u00f3digo: 18042<\/p>\n","protected":false},"featured_media":6289,"comment_status":"open","ping_status":"closed","template":"","meta":{"om_disable_all_campaigns":false,"_uag_custom_page_level_css":"","_monsterinsights_skip_tracking":false,"_monsterinsights_sitenote_active":false,"_monsterinsights_sitenote_note":"","_monsterinsights_sitenote_category":0},"product_cat":[330,33],"product_tag":[],"class_list":{"0":"post-6288","1":"product","2":"type-product","3":"status-publish","4":"has-post-thumbnail","6":"product_cat-lamparas","7":"product_cat-iluminacion","9":"first","10":"instock","11":"shipping-taxable","12":"purchasable","13":"product-type-simple"},"aioseo_notices":[],"jetpack_sharing_enabled":true,"uagb_featured_image_src":{"full":["https:\/\/quasarhomecenter.com\/wp-content\/uploads\/2024\/04\/image-removebg-preview-2024-04-25T084720.617.png",396,387,false],"thumbnail":["https:\/\/quasarhomecenter.com\/wp-content\/uploads\/2024\/04\/image-removebg-preview-2024-04-25T084720.617-150x150.png",150,150,true],"medium":["https:\/\/quasarhomecenter.com\/wp-content\/uploads\/2024\/04\/image-removebg-preview-2024-04-25T084720.617-300x293.png",300,293,true],"medium_large":["https:\/\/quasarhomecenter.com\/wp-content\/uploads\/2024\/04\/image-removebg-preview-2024-04-25T084720.617.png",396,387,false],"large":["https:\/\/quasarhomecenter.com\/wp-content\/uploads\/2024\/04\/image-removebg-preview-2024-04-25T084720.617.png",396,387,false],"1536x1536":["https:\/\/quasarhomecenter.com\/wp-content\/uploads\/2024\/04\/image-removebg-preview-2024-04-25T084720.617.png",396,387,false],"2048x2048":["https:\/\/quasarhomecenter.com\/wp-content\/uploads\/2024\/04\/image-removebg-preview-2024-04-25T084720.617.png",396,387,false],"mailpoet_newsletter_max":["https:\/\/quasarhomecenter.com\/wp-content\/uploads\/2024\/04\/image-removebg-preview-2024-04-25T084720.617.png",396,387,false],"woocommerce_thumbnail":["https:\/\/quasarhomecenter.com\/wp-content\/uploads\/2024\/04\/image-removebg-preview-2024-04-25T084720.617-300x300.png",300,300,true],"woocommerce_single":["https:\/\/quasarhomecenter.com\/wp-content\/uploads\/2024\/04\/image-removebg-preview-2024-04-25T084720.617.png",396,387,false],"woocommerce_gallery_thumbnail":["https:\/\/quasarhomecenter.com\/wp-content\/uploads\/2024\/04\/image-removebg-preview-2024-04-25T084720.617-100x100.png",100,100,true]},"uagb_author_info":{"display_name":"quasarhomecenter.com","author_link":"https:\/\/quasarhomecenter.com\/index.php\/author\/"},"uagb_comment_info":0,"uagb_excerpt":"Modelo: 15w 6500w luz fr\u00edaC\u00f3digo: 18041Led panel circular Easy instModelo: 15w 3000k luz calidaC\u00f3digo: 18042","_links":{"self":[{"href":"https:\/\/quasarhomecenter.com\/index.php\/wp-json\/wp\/v2\/product\/6288","targetHints":{"allow":["GET"]}}],"collection":[{"href":"https:\/\/quasarhomecenter.com\/index.php\/wp-json\/wp\/v2\/product"}],"about":[{"href":"https:\/\/quasarhomecenter.com\/index.php\/wp-json\/wp\/v2\/types\/product"}],"replies":[{"embeddable":true,"href":"https:\/\/quasarhomecenter.com\/index.php\/wp-json\/wp\/v2\/comments?post=6288"}],"wp:featuredmedia":[{"embeddable":true,"href":"https:\/\/quasarhomecenter.com\/index.php\/wp-json\/wp\/v2\/media\/6289"}],"wp:attachment":[{"href":"https:\/\/quasarhomecenter.com\/index.php\/wp-json\/wp\/v2\/media?parent=6288"}],"wp:term":[{"taxonomy":"product_cat","embeddable":true,"href":"https:\/\/quasarhomecenter.com\/index.php\/wp-json\/wp\/v2\/product_cat?post=6288"},{"taxonomy":"product_tag","embeddable":true,"href":"https:\/\/quasarhomecenter.com\/index.php\/wp-json\/wp\/v2\/product_tag?post=6288"}],"curies":[{"name":"wp","href":"https:\/\/api.w.org\/{rel}","templated":true}]}}