{"id":7570,"date":"2025-10-14T19:56:12","date_gmt":"2025-10-14T22:56:12","guid":{"rendered":"https:\/\/quasarhomecenter.com\/?post_type=product&#038;p=7570"},"modified":"2025-10-14T20:01:55","modified_gmt":"2025-10-14T23:01:55","slug":"cabina-de-bano-c-radio-y-asiento-tm-857-quasar-homecenter-negro-plateado","status":"publish","type":"product","link":"https:\/\/quasarhomecenter.com\/index.php\/product\/cabina-de-bano-c-radio-y-asiento-tm-857-quasar-homecenter-negro-plateado\/","title":{"rendered":"Cabina De Ba\u00f1o C\/radio Y Asiento Tm-857 &#8211; Quasar Homecenter Negro Plateado"},"content":{"rendered":"<p>Disfrut\u00e1 de una experiencia de relajaci\u00f3n \u00fanica con esta cabina de ba\u00f1o multifuncional, dise\u00f1ada para combinar confort y tecnolog\u00eda.<br \/>Incluye:<br \/>Asiento ergon\u00f3mico integrado para mayor comodidad durante la ducha.<br \/>Iluminaci\u00f3n LED ambiental que crea una atm\u00f3sfera relajante y sofisticada.<br \/>Sistema de radio FM, disfruta de tus estaciones favoritas mientras te relajas.<br \/>Lluvero tipo lluvia, para una experiencia envolvente que simula una suave ca\u00edda de agua.<br \/>Tres jets de hidromasaje estrat\u00e9gicamente ubicados para liberar la tensi\u00f3n muscular.<br \/>Dos puertas corredizas dobles de vidrio templado, con un deslizamiento suave y seguro<\/p>\n","protected":false},"excerpt":{"rendered":"<p>Disfrut\u00e1 de una experiencia de relajaci\u00f3n \u00fanica con esta cabina de ba\u00f1o multifuncional, dise\u00f1ada para combinar confort y tecnolog\u00eda.Incluye:Asiento ergon\u00f3mico integrado para mayor comodidad durante la ducha.Iluminaci\u00f3n LED ambiental que&hellip;<\/p>\n","protected":false},"featured_media":7571,"comment_status":"open","ping_status":"closed","template":"","meta":{"om_disable_all_campaigns":false,"_uag_custom_page_level_css":"","_monsterinsights_skip_tracking":false,"_monsterinsights_sitenote_active":false,"_monsterinsights_sitenote_note":"","_monsterinsights_sitenote_category":0},"product_cat":[277,30],"product_tag":[],"class_list":{"0":"post-7570","1":"product","2":"type-product","3":"status-publish","4":"has-post-thumbnail","6":"product_cat-cabinas","7":"product_cat-muebleria","9":"first","10":"instock","11":"shipping-taxable","12":"purchasable","13":"product-type-simple"},"aioseo_notices":[],"jetpack_sharing_enabled":true,"uagb_featured_image_src":{"full":["https:\/\/quasarhomecenter.com\/wp-content\/uploads\/2025\/10\/sc-2.png",2500,2500,false],"thumbnail":["https:\/\/quasarhomecenter.com\/wp-content\/uploads\/2025\/10\/sc-2-150x150.png",150,150,true],"medium":["https:\/\/quasarhomecenter.com\/wp-content\/uploads\/2025\/10\/sc-2-300x300.png",300,300,true],"medium_large":["https:\/\/quasarhomecenter.com\/wp-content\/uploads\/2025\/10\/sc-2-768x768.png",768,768,true],"large":["https:\/\/quasarhomecenter.com\/wp-content\/uploads\/2025\/10\/sc-2-1024x1024.png",1024,1024,true],"1536x1536":["https:\/\/quasarhomecenter.com\/wp-content\/uploads\/2025\/10\/sc-2-1536x1536.png",1536,1536,true],"2048x2048":["https:\/\/quasarhomecenter.com\/wp-content\/uploads\/2025\/10\/sc-2-2048x2048.png",2048,2048,true],"mailpoet_newsletter_max":["https:\/\/quasarhomecenter.com\/wp-content\/uploads\/2025\/10\/sc-2-1320x1320.png",1320,1320,true],"woocommerce_thumbnail":["https:\/\/quasarhomecenter.com\/wp-content\/uploads\/2025\/10\/sc-2-300x300.png",300,300,true],"woocommerce_single":["https:\/\/quasarhomecenter.com\/wp-content\/uploads\/2025\/10\/sc-2-600x600.png",600,600,true],"woocommerce_gallery_thumbnail":["https:\/\/quasarhomecenter.com\/wp-content\/uploads\/2025\/10\/sc-2-100x100.png",100,100,true]},"uagb_author_info":{"display_name":"quasarhomecenter.com","author_link":"https:\/\/quasarhomecenter.com\/index.php\/author\/"},"uagb_comment_info":0,"uagb_excerpt":"Disfrut\u00e1 de una experiencia de relajaci\u00f3n \u00fanica con esta cabina de ba\u00f1o multifuncional, dise\u00f1ada para combinar confort y tecnolog\u00eda.Incluye:Asiento ergon\u00f3mico integrado para mayor comodidad durante la ducha.Iluminaci\u00f3n LED ambiental que&hellip;","_links":{"self":[{"href":"https:\/\/quasarhomecenter.com\/index.php\/wp-json\/wp\/v2\/product\/7570","targetHints":{"allow":["GET"]}}],"collection":[{"href":"https:\/\/quasarhomecenter.com\/index.php\/wp-json\/wp\/v2\/product"}],"about":[{"href":"https:\/\/quasarhomecenter.com\/index.php\/wp-json\/wp\/v2\/types\/product"}],"replies":[{"embeddable":true,"href":"https:\/\/quasarhomecenter.com\/index.php\/wp-json\/wp\/v2\/comments?post=7570"}],"wp:featuredmedia":[{"embeddable":true,"href":"https:\/\/quasarhomecenter.com\/index.php\/wp-json\/wp\/v2\/media\/7571"}],"wp:attachment":[{"href":"https:\/\/quasarhomecenter.com\/index.php\/wp-json\/wp\/v2\/media?parent=7570"}],"wp:term":[{"taxonomy":"product_cat","embeddable":true,"href":"https:\/\/quasarhomecenter.com\/index.php\/wp-json\/wp\/v2\/product_cat?post=7570"},{"taxonomy":"product_tag","embeddable":true,"href":"https:\/\/quasarhomecenter.com\/index.php\/wp-json\/wp\/v2\/product_tag?post=7570"}],"curies":[{"name":"wp","href":"https:\/\/api.w.org\/{rel}","templated":true}]}}