{"id":7683,"date":"2025-12-15T20:57:16","date_gmt":"2025-12-15T23:57:16","guid":{"rendered":"https:\/\/quasarhomecenter.com\/?post_type=product&#038;p=7683"},"modified":"2025-12-23T07:20:41","modified_gmt":"2025-12-23T10:20:41","slug":"secador-ionico-5-en-1-rosa","status":"publish","type":"product","link":"https:\/\/quasarhomecenter.com\/index.php\/product\/secador-ionico-5-en-1-rosa\/","title":{"rendered":"Secador i\u00f3nico 5 en 1 rosa"},"content":{"rendered":"<p>El secador de pelo supersonic viene con accesorios de moldeado magn\u00e9ticos. Para un montaje y una rotaci\u00f3n sencillos durante el moldeado Secado r\u00e1pido y moldeado a 100 \u00b0C Secado normal a 80 \u00b0C Secado y difusi\u00f3n m\u00e1s frescos a 60 \u00b0C Fr\u00edo constante a 28 \u00b0C Flujo de aire fr\u00edo a 28 \u00b0C para fijar el pelo tras el moldeado<\/p>\n","protected":false},"excerpt":{"rendered":"<p>El secador de pelo supersonic viene con accesorios de moldeado magn\u00e9ticos. Para un montaje y una rotaci\u00f3n sencillos durante el moldeado Secado r\u00e1pido y moldeado a 100 \u00b0C Secado normal&hellip;<\/p>\n","protected":false},"featured_media":7666,"comment_status":"open","ping_status":"closed","template":"","meta":{"om_disable_all_campaigns":false,"_uag_custom_page_level_css":"","_monsterinsights_skip_tracking":false,"_monsterinsights_sitenote_active":false,"_monsterinsights_sitenote_note":"","_monsterinsights_sitenote_category":0},"product_cat":[369,15],"product_tag":[370],"class_list":{"0":"post-7683","1":"product","2":"type-product","3":"status-publish","4":"has-post-thumbnail","6":"product_cat-regalos-de-navidad","7":"product_cat-uncategorized","8":"product_tag-regalos-de-navidad","10":"first","11":"instock","12":"shipping-taxable","13":"purchasable","14":"product-type-simple"},"aioseo_notices":[],"jetpack_sharing_enabled":true,"uagb_featured_image_src":{"full":["https:\/\/quasarhomecenter.com\/wp-content\/uploads\/2025\/12\/12-2.png",2500,2500,false],"thumbnail":["https:\/\/quasarhomecenter.com\/wp-content\/uploads\/2025\/12\/12-2-150x150.png",150,150,true],"medium":["https:\/\/quasarhomecenter.com\/wp-content\/uploads\/2025\/12\/12-2-300x300.png",300,300,true],"medium_large":["https:\/\/quasarhomecenter.com\/wp-content\/uploads\/2025\/12\/12-2-768x768.png",768,768,true],"large":["https:\/\/quasarhomecenter.com\/wp-content\/uploads\/2025\/12\/12-2-1024x1024.png",1024,1024,true],"1536x1536":["https:\/\/quasarhomecenter.com\/wp-content\/uploads\/2025\/12\/12-2-1536x1536.png",1536,1536,true],"2048x2048":["https:\/\/quasarhomecenter.com\/wp-content\/uploads\/2025\/12\/12-2-2048x2048.png",2048,2048,true],"mailpoet_newsletter_max":["https:\/\/quasarhomecenter.com\/wp-content\/uploads\/2025\/12\/12-2-1320x1320.png",1320,1320,true],"woocommerce_thumbnail":["https:\/\/quasarhomecenter.com\/wp-content\/uploads\/2025\/12\/12-2-300x300.png",300,300,true],"woocommerce_single":["https:\/\/quasarhomecenter.com\/wp-content\/uploads\/2025\/12\/12-2-600x600.png",600,600,true],"woocommerce_gallery_thumbnail":["https:\/\/quasarhomecenter.com\/wp-content\/uploads\/2025\/12\/12-2-100x100.png",100,100,true]},"uagb_author_info":{"display_name":"quasarhomecenter.com","author_link":"https:\/\/quasarhomecenter.com\/index.php\/author\/"},"uagb_comment_info":0,"uagb_excerpt":"El secador de pelo supersonic viene con accesorios de moldeado magn\u00e9ticos. Para un montaje y una rotaci\u00f3n sencillos durante el moldeado Secado r\u00e1pido y moldeado a 100 \u00b0C Secado normal&hellip;","_links":{"self":[{"href":"https:\/\/quasarhomecenter.com\/index.php\/wp-json\/wp\/v2\/product\/7683","targetHints":{"allow":["GET"]}}],"collection":[{"href":"https:\/\/quasarhomecenter.com\/index.php\/wp-json\/wp\/v2\/product"}],"about":[{"href":"https:\/\/quasarhomecenter.com\/index.php\/wp-json\/wp\/v2\/types\/product"}],"replies":[{"embeddable":true,"href":"https:\/\/quasarhomecenter.com\/index.php\/wp-json\/wp\/v2\/comments?post=7683"}],"wp:featuredmedia":[{"embeddable":true,"href":"https:\/\/quasarhomecenter.com\/index.php\/wp-json\/wp\/v2\/media\/7666"}],"wp:attachment":[{"href":"https:\/\/quasarhomecenter.com\/index.php\/wp-json\/wp\/v2\/media?parent=7683"}],"wp:term":[{"taxonomy":"product_cat","embeddable":true,"href":"https:\/\/quasarhomecenter.com\/index.php\/wp-json\/wp\/v2\/product_cat?post=7683"},{"taxonomy":"product_tag","embeddable":true,"href":"https:\/\/quasarhomecenter.com\/index.php\/wp-json\/wp\/v2\/product_tag?post=7683"}],"curies":[{"name":"wp","href":"https:\/\/api.w.org\/{rel}","templated":true}]}}